Last updated on 2024-08-16 00:48:32 CEST.
Flavor | Version | Tinstall | Tcheck | Ttotal | Status | Flags |
---|---|---|---|---|---|---|
r-devel-linux-x86_64-debian-clang | 3.0.2 | 32.30 | 354.27 | 386.57 | NOTE | |
r-devel-linux-x86_64-debian-gcc | 3.0.2 | 23.01 | 231.34 | 254.35 | NOTE | |
r-devel-linux-x86_64-fedora-clang | 3.0.2 | 643.63 | NOTE | |||
r-devel-linux-x86_64-fedora-gcc | 3.0.2 | 624.17 | NOTE | |||
r-devel-windows-x86_64 | 3.0.2 | 33.00 | 328.00 | 361.00 | NOTE | |
r-patched-linux-x86_64 | 3.0.2 | 32.20 | 336.50 | 368.70 | NOTE | |
r-release-linux-x86_64 | 3.0.2 | 29.60 | 332.24 | 361.84 | NOTE | |
r-release-macos-arm64 | 3.0.2 | 161.00 | NOTE | |||
r-release-macos-x86_64 | 3.0.2 | 264.00 | NOTE | |||
r-release-windows-x86_64 | 3.0.2 | 35.00 | 324.00 | 359.00 | NOTE | |
r-oldrel-macos-arm64 | 3.0.2 | 170.00 | OK | |||
r-oldrel-macos-x86_64 | 3.0.2 | 296.00 | OK | |||
r-oldrel-windows-x86_64 | 3.0.2 | 46.00 | 435.00 | 481.00 | OK |
Version: 3.0.2
Check: Rd files
Result: NOTE
checkRd: (-1) siland.Rd:64: Lost braces; missing escapes or markup?
64 | \item x_{l,i}, local variable l,
| ^
checkRd: (-1) siland.Rd:70: Lost braces; missing escapes or markup?
70 | \item d_{r,i} the distance between the center of pixel r and the observation at site i.
| ^
Flavors: r-devel-linux-x86_64-debian-clang, r-devel-linux-x86_64-debian-gcc, r-devel-linux-x86_64-fedora-clang, r-devel-linux-x86_64-fedora-gcc, r-devel-windows-x86_64, r-patched-linux-x86_64, r-release-linux-x86_64, r-release-macos-arm64, r-release-macos-x86_64, r-release-windows-x86_64