Last updated on 2023-12-08 13:50:14 CET.
Flavor | Version | Tinstall | Tcheck | Ttotal | Status | Flags |
---|---|---|---|---|---|---|
r-devel-linux-x86_64-debian-clang | 3.0.2 | 47.43 | 469.98 | 517.41 | NOTE | |
r-devel-linux-x86_64-debian-gcc | 3.0.2 | 33.03 | 336.96 | 369.99 | NOTE | |
r-devel-linux-x86_64-fedora-clang | 3.0.2 | 647.57 | OK | |||
r-devel-linux-x86_64-fedora-gcc | 3.0.2 | 620.27 | OK | |||
r-devel-windows-x86_64 | 3.0.2 | 32.00 | 337.00 | 369.00 | OK | |
r-patched-linux-x86_64 | 3.0.2 | 35.67 | 453.89 | 489.56 | OK | |
r-release-linux-x86_64 | 3.0.2 | 30.17 | 445.71 | 475.88 | OK | |
r-release-macos-arm64 | 3.0.2 | 170.00 | OK | |||
r-release-macos-x86_64 | 3.0.2 | 296.00 | OK | |||
r-release-windows-x86_64 | 3.0.2 | 47.00 | 429.00 | 476.00 | OK | |
r-oldrel-macos-arm64 | 3.0.2 | 164.00 | OK | |||
r-oldrel-macos-x86_64 | 3.0.2 | 230.00 | OK | |||
r-oldrel-windows-x86_64 | 3.0.2 | 49.00 | 434.00 | 483.00 | OK |
Version: 3.0.2
Check: Rd files
Result: NOTE
checkRd: (-1) siland.Rd:64: Lost braces; missing escapes or markup?
64 | \item x_{l,i}, local variable l,
| ^
checkRd: (-1) siland.Rd:70: Lost braces; missing escapes or markup?
70 | \item d_{r,i} the distance between the center of pixel r and the observation at site i.
| ^
Flavors: r-devel-linux-x86_64-debian-clang, r-devel-linux-x86_64-debian-gcc