Last updated on 2024-08-16 00:48:32 CEST.
Flavor | Version | Tinstall | Tcheck | Ttotal | Status | Flags |
---|---|---|---|---|---|---|
r-devel-linux-x86_64-debian-clang | 1.0.3 | 8.20 | 67.31 | 75.51 | NOTE | |
r-devel-linux-x86_64-debian-gcc | 1.0.3 | 5.76 | 47.22 | 52.98 | NOTE | |
r-devel-linux-x86_64-fedora-clang | 1.0.3 | 119.38 | NOTE | |||
r-devel-linux-x86_64-fedora-gcc | 1.0.3 | 112.43 | NOTE | |||
r-devel-windows-x86_64 | 1.0.3 | 10.00 | 90.00 | 100.00 | NOTE | |
r-patched-linux-x86_64 | 1.0.3 | 8.51 | 61.22 | 69.73 | NOTE | |
r-release-linux-x86_64 | 1.0.3 | 7.54 | 63.34 | 70.88 | NOTE | |
r-release-macos-arm64 | 1.0.3 | 34.00 | NOTE | |||
r-release-macos-x86_64 | 1.0.3 | 51.00 | NOTE | |||
r-release-windows-x86_64 | 1.0.3 | 11.00 | 89.00 | 100.00 | NOTE | |
r-oldrel-macos-arm64 | 1.0.3 | 38.00 | OK | |||
r-oldrel-macos-x86_64 | 1.0.3 | 57.00 | OK | |||
r-oldrel-windows-x86_64 | 1.0.3 | 14.00 | 106.00 | 120.00 | OK |
Version: 1.0.3
Check: Rd files
Result: NOTE
checkRd: (-1) create_modelDF.Rd:25-38: Lost braces
25 | convert_xlsx_to_csv<-function(xlsx_file){
| ^
checkRd: (-1) create_modelDF.Rd:33-36: Lost braces
33 | for (i in Sheetnames) {
| ^
Flavors: r-devel-linux-x86_64-debian-clang, r-devel-linux-x86_64-debian-gcc, r-devel-linux-x86_64-fedora-clang, r-devel-linux-x86_64-fedora-gcc, r-devel-windows-x86_64, r-patched-linux-x86_64, r-release-linux-x86_64, r-release-macos-arm64, r-release-macos-x86_64, r-release-windows-x86_64