Last updated on 2024-08-16 00:48:32 CEST.
Flavor | Version | Tinstall | Tcheck | Ttotal | Status | Flags |
---|---|---|---|---|---|---|
r-devel-linux-x86_64-debian-clang | 1.0.3 | 95.45 | 58.27 | 153.72 | OK | |
r-devel-linux-x86_64-debian-gcc | 1.0.3 | 76.55 | 67.60 | 144.15 | OK | |
r-devel-linux-x86_64-fedora-clang | 1.0.3 | 273.16 | OK | |||
r-devel-linux-x86_64-fedora-gcc | 1.0.3 | 322.97 | OK | |||
r-devel-windows-x86_64 | 1.0.3 | 88.00 | 97.00 | 185.00 | OK | |
r-patched-linux-x86_64 | 1.0.3 | 103.36 | 87.41 | 190.77 | OK | |
r-release-linux-x86_64 | 1.0.3 | 103.39 | 107.29 | 210.68 | OK | |
r-release-macos-arm64 | 1.0.3 | 70.00 | NOTE | |||
r-release-macos-x86_64 | 1.0.3 | 92.00 | NOTE | |||
r-release-windows-x86_64 | 1.0.3 | 88.00 | 110.00 | 198.00 | OK | |
r-oldrel-macos-arm64 | 1.0.3 | 66.00 | NOTE | |||
r-oldrel-macos-x86_64 | 1.0.3 | 132.00 | NOTE | |||
r-oldrel-windows-x86_64 | 1.0.3 | 106.00 | 118.00 | 224.00 | OK |
Version: 1.0.3
Check: installed package size
Result: NOTE
installed size is 31.6Mb
sub-directories of 1Mb or more:
libs 31.2Mb
Flavors: r-release-macos-arm64, r-release-macos-x86_64, r-oldrel-macos-arm64, r-oldrel-macos-x86_64