Last updated on 2024-08-16 00:48:32 CEST.
Flavor | Version | Tinstall | Tcheck | Ttotal | Status | Flags |
---|---|---|---|---|---|---|
r-devel-linux-x86_64-debian-clang | 2.0.0 | 8.48 | 135.23 | 143.71 | NOTE | |
r-devel-linux-x86_64-debian-gcc | 2.0.0 | 6.25 | 94.82 | 101.07 | NOTE | |
r-devel-linux-x86_64-fedora-clang | 2.0.0 | 237.94 | NOTE | |||
r-devel-linux-x86_64-fedora-gcc | 2.0.0 | 240.40 | NOTE | |||
r-devel-windows-x86_64 | 2.0.0 | 12.00 | 132.00 | 144.00 | NOTE | |
r-patched-linux-x86_64 | 2.0.0 | 8.69 | 123.57 | 132.26 | NOTE | |
r-release-linux-x86_64 | 2.0.0 | 7.07 | 127.52 | 134.59 | NOTE | |
r-release-macos-arm64 | 2.0.0 | 60.00 | NOTE | |||
r-release-macos-x86_64 | 2.0.0 | 96.00 | NOTE | |||
r-release-windows-x86_64 | 2.0.0 | 14.00 | 128.00 | 142.00 | NOTE | |
r-oldrel-macos-arm64 | 2.0.0 | 76.00 | NOTE | |||
r-oldrel-macos-x86_64 | 2.0.0 | 152.00 | NOTE | |||
r-oldrel-windows-x86_64 | 2.0.0 | 13.00 | 160.00 | 173.00 | NOTE |
Version: 2.0.0
Check: package dependencies
Result: NOTE
Package suggested but not available for checking: ‘gurobi’
Flavors: r-devel-linux-x86_64-debian-clang, r-devel-linux-x86_64-debian-gcc, r-devel-linux-x86_64-fedora-clang, r-devel-linux-x86_64-fedora-gcc, r-devel-windows-x86_64, r-patched-linux-x86_64, r-release-linux-x86_64, r-release-macos-arm64, r-release-macos-x86_64, r-release-windows-x86_64, r-oldrel-macos-arm64, r-oldrel-macos-x86_64, r-oldrel-windows-x86_64