Last updated on 2023-12-11 01:52:51 CET.
Flavor | Version | Tinstall | Tcheck | Ttotal | Status | Flags |
---|---|---|---|---|---|---|
r-devel-linux-x86_64-debian-clang | 0.2.1 | 33.45 | 302.82 | 336.27 | NOTE | |
r-devel-linux-x86_64-debian-gcc | 0.2.1 | 25.66 | 225.48 | 251.14 | NOTE | |
r-devel-linux-x86_64-fedora-clang | 0.2.1 | 368.75 | NOTE | |||
r-devel-linux-x86_64-fedora-gcc | 0.2.1 | 399.04 | NOTE | |||
r-devel-windows-x86_64 | 0.2.1 | 25.00 | 189.00 | 214.00 | NOTE | |
r-patched-linux-x86_64 | 0.2.1 | 28.47 | 297.82 | 326.29 | NOTE | |
r-release-linux-x86_64 | 0.2.1 | 24.54 | 299.29 | 323.83 | NOTE | |
r-release-macos-arm64 | 0.2.1 | 9.00 | ERROR | |||
r-release-macos-x86_64 | 0.2.1 | 10.00 | ERROR | |||
r-release-windows-x86_64 | 0.2.1 | 34.00 | 252.00 | 286.00 | NOTE | |
r-oldrel-macos-arm64 | 0.2.1 | 76.00 | NOTE | |||
r-oldrel-macos-x86_64 | 0.2.1 | 110.00 | NOTE | |||
r-oldrel-windows-x86_64 | 0.2.1 | 34.00 | 253.00 | 287.00 | NOTE |
Version: 0.2.1
Check: package dependencies
Result: NOTE
Package suggested but not available for checking: ‘rgdal’
Flavors: r-devel-linux-x86_64-debian-clang, r-devel-linux-x86_64-debian-gcc, r-devel-linux-x86_64-fedora-clang, r-devel-linux-x86_64-fedora-gcc, r-patched-linux-x86_64, r-release-linux-x86_64
Version: 0.2.1
Check: LazyData
Result: NOTE
'LazyData' is specified without a 'data' directory
Flavors: r-devel-linux-x86_64-debian-clang, r-devel-linux-x86_64-debian-gcc, r-devel-linux-x86_64-fedora-clang, r-devel-linux-x86_64-fedora-gcc, r-devel-windows-x86_64, r-patched-linux-x86_64, r-release-linux-x86_64, r-release-windows-x86_64, r-oldrel-macos-arm64, r-oldrel-macos-x86_64, r-oldrel-windows-x86_64
Version: 0.2.1
Check: package dependencies
Result: ERROR
Package required but not available: ‘rhdf5’
See section ‘The DESCRIPTION file’ in the ‘Writing R Extensions’
manual.
Flavors: r-release-macos-arm64, r-release-macos-x86_64