Last updated on 2024-08-16 00:48:32 CEST.
Flavor | Version | Tinstall | Tcheck | Ttotal | Status | Flags |
---|---|---|---|---|---|---|
r-devel-linux-x86_64-debian-clang | 0.1.4 | 3.73 | 33.41 | 37.14 | NOTE | |
r-devel-linux-x86_64-debian-gcc | 0.1.4 | 2.39 | 26.16 | 28.55 | NOTE | |
r-devel-linux-x86_64-fedora-clang | 0.1.4 | 57.29 | NOTE | |||
r-devel-linux-x86_64-fedora-gcc | 0.1.4 | 55.59 | NOTE | |||
r-devel-windows-x86_64 | 0.1.4 | 5.00 | 54.00 | 59.00 | NOTE | |
r-patched-linux-x86_64 | 0.1.4 | 2.70 | 31.92 | 34.62 | NOTE | |
r-release-linux-x86_64 | 0.1.4 | 3.19 | 31.34 | 34.53 | NOTE | |
r-release-macos-arm64 | 0.1.4 | 29.00 | NOTE | |||
r-release-macos-x86_64 | 0.1.4 | 35.00 | NOTE | |||
r-release-windows-x86_64 | 0.1.4 | 5.00 | 56.00 | 61.00 | NOTE | |
r-oldrel-macos-arm64 | 0.1.4 | 26.00 | OK | |||
r-oldrel-macos-x86_64 | 0.1.4 | 38.00 | OK | |||
r-oldrel-windows-x86_64 | 0.1.4 | 5.00 | 59.00 | 64.00 | OK |
Version: 0.1.4
Check: Rd files
Result: NOTE
checkRd: (-1) smdocker_log.Rd:34: Lost braces in \itemize; meant \describe ?
checkRd: (-1) smdocker_log.Rd:35-37: Lost braces in \itemize; meant \describe ?
checkRd: (-1) smdocker_log.Rd:38: Lost braces in \itemize; meant \describe ?
checkRd: (-1) smdocker_log.Rd:16: Lost braces in \itemize; meant \describe ?
checkRd: (-1) smdocker_log.Rd:17: Lost braces in \itemize; meant \describe ?
checkRd: (-1) smdocker_log.Rd:18: Lost braces in \itemize; meant \describe ?
checkRd: (-1) smdocker_log.Rd:19: Lost braces in \itemize; meant \describe ?
Flavors: r-devel-linux-x86_64-debian-clang, r-devel-linux-x86_64-debian-gcc, r-devel-linux-x86_64-fedora-clang, r-devel-linux-x86_64-fedora-gcc, r-devel-windows-x86_64, r-patched-linux-x86_64, r-release-linux-x86_64, r-release-macos-arm64, r-release-macos-x86_64, r-release-windows-x86_64