CRAN Package Check Results for Package smoof

Last updated on 2023-12-01 00:52:11 CET.

Flavor Version Tinstall Tcheck Ttotal Status Flags
r-devel-linux-x86_64-debian-clang 1.6.0.3 104.20 114.17 218.37 NOTE
r-devel-linux-x86_64-debian-gcc 1.6.0.3 71.14 81.28 152.42 NOTE
r-devel-linux-x86_64-fedora-clang 1.6.0.3 309.60 OK
r-devel-linux-x86_64-fedora-gcc 1.6.0.3 304.13 OK
r-devel-windows-x86_64 1.6.0.3 88.00 137.00 225.00 OK
r-patched-linux-x86_64 1.6.0.3 95.52 109.66 205.18 OK
r-release-linux-x86_64 1.6.0.3 94.47 108.50 202.97 OK
r-release-macos-arm64 1.6.0.3 74.00 OK
r-release-macos-x86_64 1.6.0.3 126.00 OK
r-release-windows-x86_64 1.6.0.3 112.00 166.00 278.00 OK
r-oldrel-macos-arm64 1.6.0.3 68.00 OK
r-oldrel-macos-x86_64 1.6.0.3 92.00 OK
r-oldrel-windows-x86_64 1.6.0.3 108.00 133.00 241.00 OK

Check Details

Version: 1.6.0.3
Check: Rd files
Result: NOTE checkRd: (-1) getGlobalOptimum.Rd:16: Lost braces in \itemize; \value handles \item{}{} directly checkRd: (-1) getGlobalOptimum.Rd:17: Lost braces in \itemize; \value handles \item{}{} directly checkRd: (-1) getGlobalOptimum.Rd:18: Lost braces in \itemize; \value handles \item{}{} directly checkRd: (-1) getLocalOptimum.Rd:16: Lost braces in \itemize; \value handles \item{}{} directly checkRd: (-1) getLocalOptimum.Rd:17: Lost braces in \itemize; \value handles \item{}{} directly checkRd: (-1) getLocalOptimum.Rd:18: Lost braces in \itemize; \value handles \item{}{} directly checkRd: (-1) smoof_function.Rd:10: Lost braces 10 | or code{smoof_multi_objective_function}. Both single- and multi-objective functions share the following attributes. | ^ Flavors: r-devel-linux-x86_64-debian-clang, r-devel-linux-x86_64-debian-gcc