Last updated on 2023-12-06 12:53:49 CET.
Flavor | Version | Tinstall | Tcheck | Ttotal | Status | Flags |
---|---|---|---|---|---|---|
r-devel-linux-x86_64-debian-clang | 1.5.1 | 8.01 | 94.44 | 102.45 | NOTE | |
r-devel-linux-x86_64-debian-gcc | 1.5.1 | 5.47 | 71.78 | 77.25 | NOTE | |
r-devel-linux-x86_64-fedora-clang | 1.5.1 | 128.15 | NOTE | |||
r-devel-linux-x86_64-fedora-gcc | 1.5.1 | 160.69 | NOTE | |||
r-devel-windows-x86_64 | 1.5.1 | 6.00 | 116.00 | 122.00 | NOTE | |
r-patched-linux-x86_64 | 1.5.1 | 6.17 | 95.11 | 101.28 | OK | |
r-release-linux-x86_64 | 1.5.1 | 6.94 | 95.11 | 102.05 | OK | |
r-release-macos-arm64 | 1.5.1 | 56.00 | OK | |||
r-release-macos-x86_64 | 1.5.1 | 124.00 | OK | |||
r-release-windows-x86_64 | 1.5.1 | 7.00 | 117.00 | 124.00 | OK | |
r-oldrel-macos-arm64 | 1.5.1 | 95.00 | OK | |||
r-oldrel-macos-x86_64 | 1.5.1 | 127.00 | OK | |||
r-oldrel-windows-x86_64 | 1.5.1 | 8.00 | 119.00 | 127.00 | OK |
Version: 1.5.1
Check: Rd contents
Result: NOTE
Argument items with no description in Rd file 'TT.DJ.col.Rd':
‘cl’ ‘w’ ‘gray.l’
Argument items with no description in Rd file 'TT.add.Rd':
‘\dots’ ‘par.list’ ‘bkp.par.list’ ‘par.env’
Argument items with no description in Rd file 'TT.auto.set.Rd':
‘fun’ ‘assign.op’ ‘p.env’ ‘set.par’
Argument items with no description in Rd file 'TT.axis.arrows.Rd':
‘geo’ ‘css.lab’ ‘a.l’ ‘a.h.s’ ‘a.t.s’ ‘a.t.s2’ ‘a.b.s’ ‘text.tol’
‘text.sum’ ‘blr.clock’ ‘tlr.an’ ‘base.css.ps.lim’ ‘tri.sum.tst’
‘tri.pos.tst’ ‘lwd.lab’ ‘arrows.lty’ ‘col.lab’ ‘font.lab’ ‘cex.lab’
‘family.op’ ‘unit.ps’ ‘unit.tx’ ‘lang’
Argument items with no description in Rd file 'TT.baseplot.Rd':
‘geo’ ‘class.sys’ ‘blr.clock’ ‘tlr.an’ ‘blr.tx’ ‘text.sum’
‘base.css.ps.lim’ ‘tri.sum.tst’ ‘tri.pos.tst’ ‘text.tol’ ‘unit.ps’
‘unit.tx’ ‘b.lim’ ‘l.lim’ ‘main’ ‘new.mar’ ‘bg’ ‘fg’ ‘col’ ‘cex.main’
‘lang’
Argument items with no description in Rd file 'TT.blr.ps.lim.Rd':
‘blr.tx’ ‘css.ps.lim’
Argument items with no description in Rd file 'TT.blr.tx.check.Rd':
‘blr.tx’ ‘css.names’
Argument items with no description in Rd file 'TT.check.ps.lim.Rd':
‘base.ps.lim’ ‘dat.ps.lim’
Argument items with no description in Rd file 'TT.chemometrics.alr.Rd':
‘X’ ‘divisorvar’ ‘css.names’
Argument items with no description in Rd file 'TT.classes.Rd':
‘geo’ ‘class.sys’ ‘tri.css.ps.lim’ ‘css.transf’ ‘text.transf.fun’
‘trsf.add.opt1’ ‘trsf.add.opt2’ ‘text.tol’ ‘text.sum’
‘base.css.ps.lim’ ‘blr.tx’ ‘blr.clock’ ‘tri.sum.tst’ ‘tri.pos.tst’
‘bg’ ‘class.lab.col’ ‘class.p.bg.col’ ‘class.p.bg.hue’
‘class.line.col’ ‘class.lty’ ‘class.lab.show’ ‘cex.lab’ ‘font.lab’
‘family.op’ ‘lwd.axis’ ‘col.axis’
Argument items with no description in Rd file 'TT.classes.tbl.Rd':
‘class.sys’ ‘collapse’
Argument items with no description in Rd file 'TT.col2hsv.Rd':
‘col’
Argument items with no description in Rd file 'TT.contour.Rd':
‘geo’ ‘x’ ‘add’ ‘tri.sum.tst’ ‘tri.pos.tst’ ‘text.tol’ ‘unit.ps’
‘unit.tx’ ‘b.lim’ ‘l.lim’ ‘main’ ‘new.mar’ ‘bg’ ‘fg’ ‘col’ ‘cex.main’
‘lang’ ‘nlevels’ ‘levels’ ‘labels’ ‘xlim’ ‘ylim’ ‘zlim’ ‘labcex’
‘drawlabels’ ‘method’ ‘axes’ ‘frame.plot’ ‘lty’ ‘lwd’ ‘blr.clock’
‘tlr.an’ ‘blr.tx’ ‘text.sum’ ‘base.css.ps.lim’ ‘\dots’
Argument items with no description in Rd file 'TT.css2xy.Rd':
‘tri.data’ ‘geo’ ‘css.names’ ‘text.tol’ ‘tri.sum.tst’ ‘tri.pos.tst’
‘set.par’ ‘text.sum’ ‘blr.clock’
Argument items with no description in Rd file 'TT.data.test.Rd':
‘tri.data’ ‘css.names’ ‘text.sum’ ‘text.tol’ ‘tri.sum.tst’
‘tri.pos.tst’
Argument items with no description in Rd file 'TT.data.test.X.Rd':
‘tri.data’ ‘text.sum’ ‘text.tol’ ‘tri.sum.tst’ ‘tri.pos.tst’
Argument items with no description in Rd file 'TT.dataset.Rd':
‘n’ ‘seed.val’ ‘css.names’ ‘text.sum’
Argument items with no description in Rd file 'TT.edges.Rd':
‘geo’ ‘text.tol’ ‘text.sum’ ‘blr.clock’ ‘col.axis’ ‘plot.axis’
‘frame.bg.col’ ‘lwd.axis’ ‘tri.sum.tst’ ‘tri.pos.tst’ ‘bg’
Argument items with no description in Rd file 'TT.gen.op.set.Rd':
‘param’ ‘assign.op’ ‘p.env’
Argument items with no description in Rd file 'TT.geo.get.Rd':
‘class.sys’ ‘blr.clock’ ‘tlr.an’ ‘blr.tx’ ‘text.sum’
‘base.css.ps.lim’
Argument items with no description in Rd file 'TT.geo.set.Rd':
‘geo’ ‘p.env’
Argument items with no description in Rd file 'TT.get.Rd':
‘\dots’ ‘par.list’ ‘bkp.par.list’ ‘par.env’
Argument items with no description in Rd file 'TT.grid.Rd':
‘geo’ ‘at’ ‘text.tol’ ‘text.sum’ ‘blr.clock’ ‘grid.col’ ‘grid.lty’
‘lwd.axis’ ‘tri.sum.tst’ ‘tri.pos.tst’ ‘class.p.bg.col’
‘class.p.bg.hue’ ‘frame.bg.col’ ‘bg’ ‘col.axis’
Argument items with no description in Rd file 'TT.ifelse.Rd':
‘test’ ‘yes’ ‘no’
Argument items with no description in Rd file 'TT.image.Rd':
‘geo’ ‘x’ ‘add’ ‘tri.sum.tst’ ‘tri.pos.tst’ ‘text.tol’ ‘unit.ps’
‘unit.tx’ ‘b.lim’ ‘l.lim’ ‘main’ ‘new.mar’ ‘bg’ ‘fg’ ‘cex.main’
‘lang’ ‘xlim’ ‘ylim’ ‘zlim’ ‘col’ ‘oldstyle’ ‘blr.clock’ ‘tlr.an’
‘blr.tx’ ‘text.sum’ ‘base.css.ps.lim’
Argument items with no description in Rd file 'TT.iwd.Rd':
‘tri.data’ ‘z.name’ ‘geo’ ‘css.names’ ‘tri.pol.data’ ‘text.tol’
‘text.sum’ ‘blr.clock’ ‘tri.sum.tst’ ‘tri.pos.tst’ ‘set.par’ ‘n’
‘lims’ ‘max.dist’ ‘q.max.dist’ ‘pow’
Argument items with no description in Rd file 'TT.kde2d.Rd':
‘geo’ ‘tri.data’ ‘css.names’ ‘text.tol’ ‘text.sum’ ‘blr.clock’
‘tri.sum.tst’ ‘tri.pos.tst’ ‘set.par’ ‘n’ ‘lims’
Argument items with no description in Rd file 'TT.lines.Rd':
‘geo’ ‘at.1.s’ ‘at.2.s’ ‘at.3.s’ ‘at.1.e’ ‘at.2.e’ ‘at.3.e’
‘text.tol’ ‘text.sum’ ‘blr.clock’ ‘tri.sum.tst’ ‘tri.pos.tst’
Argument items with no description in Rd file 'TT.locator.Rd':
‘geo’ ‘css.names’ ‘text.tol’ ‘tri.sum.tst’ ‘tri.pos.tst’ ‘set.par’
‘n’ ‘type’
Argument items with no description in Rd file 'TT.mahalanobis.Rd':
‘geo’ ‘tri.data’ ‘css.names’ ‘text.tol’ ‘text.sum’ ‘blr.clock’
‘tri.sum.tst’ ‘tri.pos.tst’ ‘set.par’ ‘n’ ‘center’ ‘cov.mat’
‘inverted’ ‘\dots’ ‘alr’ ‘divisorvar’
Argument items with no description in Rd file 'TT.normalise.sum.Rd':
‘tri.data’ ‘css.names’ ‘text.sum’ ‘text.tol’ ‘tri.pos.tst’
‘residuals’
Argument items with no description in Rd file 'TT.normalise.sum.X.Rd':
‘tri.data’ ‘text.sum’ ‘text.tol’ ‘tri.pos.tst’ ‘residuals’
Argument items with no description in Rd file 'TT.par.op.set.Rd':
‘param’ ‘assign.op’ ‘p.env’
Argument items with no description in Rd file 'TT.phi2dia.Rd':
‘phi’
Argument items with no description in Rd file 'TT.points.Rd':
‘tri.data’ ‘geo’ ‘css.names’ ‘z.name’ ‘base.css.ps.lim’
‘dat.css.ps.lim’ ‘css.transf’ ‘text.transf.fun’ ‘trsf.add.opt1’
‘trsf.add.opt2’ ‘text.tol’ ‘pch’ ‘fg’ ‘col’ ‘bg’ ‘cex’ ‘lwd’
‘points.type’ ‘tri.sum.tst’ ‘tri.pos.tst’ ‘z.type’ ‘z.col.hue’
‘z.cex.range’ ‘z.pch’ ‘text.sum’ ‘blr.clock’ ‘blr.tx’
Argument items with no description in Rd file 'TT.str.Rd':
‘x’ ‘str.min’ ‘str.max’
Argument items with no description in Rd file 'TT.switch.Rd':
‘blr.clock’ ‘c1’ ‘c2’ ‘c3’ ‘c4’ ‘blr.order’
Argument items with no description in Rd file 'TT.text.Rd':
‘tri.data’ ‘geo’ ‘labels’ ‘css.names’ ‘base.css.ps.lim’
‘dat.css.ps.lim’ ‘css.transf’ ‘text.transf.fun’ ‘trsf.add.opt1’
‘trsf.add.opt2’ ‘text.tol’ ‘text.sum’ ‘blr.clock’ ‘fg’ ‘col’ ‘cex’
‘font’ ‘family.op’ ‘adj’ ‘pos’ ‘offset’ ‘tri.sum.tst’ ‘tri.pos.tst’
‘blr.tx’
Argument items with no description in Rd file 'TT.text.transf.Rd':
‘tri.data’ ‘base.css.ps.lim’ ‘dat.css.ps.lim’ ‘css.names’ ‘blr.tx’
‘text.sum’ ‘text.tol’ ‘tri.sum.tst’ ‘tri.pos.tst’ ‘trsf.add.opt1’
‘trsf.add.opt2’
Argument items with no description in Rd file 'TT.text.transf.X.Rd':
‘tri.data’ ‘base.ps.lim’ ‘dat.ps.lim’ ‘text.sum’ ‘text.tol’
‘tri.sum.tst’ ‘tri.pos.tst’
Argument items with no description in Rd file 'TT.ticks.Rd':
‘geo’ ‘at’ ‘text.tol’ ‘text.sum’ ‘blr.clock’ ‘tk.s’ ‘tri.sum.tst’
‘tri.pos.tst’ ‘lwd.axis’ ‘col.axis’
Argument items with no description in Rd file 'TT.ticks.lab.Rd':
‘geo’ ‘at’ ‘text.tol’ ‘text.sum’ ‘blr.clock’ ‘tlr.an’ ‘tk.ls’
‘tri.sum.tst’ ‘tri.pos.tst’ ‘col.axis’ ‘font.axis’ ‘cex.axis’
‘family.op’
Argument items with no description in Rd file 'TT.vertices.plot.Rd':
‘geo’ ‘class.sys’ ‘fg’ ‘col’ ‘cex’ ‘font’ ‘family.op’ ‘adj’ ‘pos’
‘offset’ ‘blr.tx’ ‘text.sum’ ‘blr.clock’
Argument items with no description in Rd file 'TT.vertices.tbl.Rd':
‘class.sys’
Argument items with no description in Rd file 'TT.xy.grid.Rd':
‘x’ ‘y’ ‘n’
Argument items with no description in Rd file 'TT.xy2css.Rd':
‘geo’ ‘css.names’ ‘text.tol’ ‘tri.sum.tst’ ‘tri.pos.tst’ ‘set.par’
‘blr.clock’ ‘text.sum’
Flavors: r-devel-linux-x86_64-debian-clang, r-devel-linux-x86_64-debian-gcc, r-devel-linux-x86_64-fedora-clang, r-devel-linux-x86_64-fedora-gcc, r-devel-windows-x86_64