Last updated on 2024-08-16 00:48:32 CEST.
Flavor | Version | Tinstall | Tcheck | Ttotal | Status | Flags |
---|---|---|---|---|---|---|
r-devel-linux-x86_64-debian-clang | 1.2.4 | 8.47 | 52.18 | 60.65 | NOTE | |
r-devel-linux-x86_64-debian-gcc | 1.2.4 | 7.11 | 40.36 | 47.47 | NOTE | |
r-devel-linux-x86_64-fedora-clang | 1.2.4 | 102.36 | OK | |||
r-devel-linux-x86_64-fedora-gcc | 1.2.4 | 109.08 | OK | |||
r-devel-windows-x86_64 | 1.2.4 | 10.00 | 74.00 | 84.00 | NOTE | |
r-patched-linux-x86_64 | 1.2.4 | 12.62 | 51.31 | 63.93 | OK | |
r-release-linux-x86_64 | 1.2.4 | 7.54 | 50.55 | 58.09 | OK | |
r-release-macos-arm64 | 1.2.4 | 42.00 | OK | |||
r-release-macos-x86_64 | 1.2.4 | 69.00 | OK | |||
r-release-windows-x86_64 | 1.2.4 | 11.00 | 75.00 | 86.00 | OK | |
r-oldrel-macos-arm64 | 1.2.4 | 39.00 | OK | |||
r-oldrel-macos-x86_64 | 1.2.4 | 75.00 | OK | |||
r-oldrel-windows-x86_64 | 1.2.4 | 15.00 | 79.00 | 94.00 | OK |
Version: 1.2.4
Check: Rd cross-references
Result: NOTE
Found the following Rd file(s) with Rd \link{} targets missing package
anchors:
somsp.Rd: kohonen
somspa.Rd: kohonen, som
Please provide package anchors for all Rd \link{} targets not in the
package itself and the base packages.
Flavors: r-devel-linux-x86_64-debian-clang, r-devel-linux-x86_64-debian-gcc, r-devel-windows-x86_64