Last updated on 2023-12-02 12:48:32 CET.
Flavor | Version | Tinstall | Tcheck | Ttotal | Status | Flags |
---|---|---|---|---|---|---|
r-devel-linux-x86_64-debian-clang | 2.6.1 | 27.83 | 226.08 | 253.91 | NOTE | |
r-devel-linux-x86_64-debian-gcc | 2.6.1 | 16.33 | 172.71 | 189.04 | NOTE | |
r-devel-linux-x86_64-fedora-clang | 2.6.1 | 329.31 | OK | |||
r-devel-linux-x86_64-fedora-gcc | 2.6.1 | 322.17 | OK | |||
r-devel-windows-x86_64 | 2.6.1 | 25.00 | 234.00 | 259.00 | OK | |
r-patched-linux-x86_64 | 2.6.1 | 22.05 | 216.60 | 238.65 | OK | |
r-release-linux-x86_64 | 2.6.1 | 16.08 | 217.30 | 233.38 | OK | |
r-release-macos-arm64 | 2.6.1 | 81.00 | OK | |||
r-release-macos-x86_64 | 2.6.1 | 255.00 | OK | |||
r-release-windows-x86_64 | 2.6.1 | 34.00 | 288.00 | 322.00 | OK | |
r-oldrel-macos-arm64 | 2.6.1 | 82.00 | OK | |||
r-oldrel-macos-x86_64 | 2.6.1 | 112.00 | OK | |||
r-oldrel-windows-x86_64 | 2.6.1 | 33.00 | 235.00 | 268.00 | OK |
Version: 2.6.1
Check: Rd files
Result: NOTE
checkRd: (-1) detectNLP.Rd:89: Lost braces; missing escapes or markup?
89 | \code{d2} and {nPeaks} are used for NLP detection because they proved
| ^
checkRd: (-1) getRMS.Rd:95-97: Lost braces in \itemize; \value handles \item{}{} directly
checkRd: (-1) getRMS.Rd:97-98: Lost braces in \itemize; \value handles \item{}{} directly
checkRd: (-1) schwa.Rd:44: Lost braces in \itemize; \value handles \item{}{} directly
checkRd: (-1) schwa.Rd:45-46: Lost braces in \itemize; \value handles \item{}{} directly
checkRd: (-1) schwa.Rd:47: Lost braces in \itemize; \value handles \item{}{} directly
checkRd: (-1) schwa.Rd:48-49: Lost braces in \itemize; \value handles \item{}{} directly
checkRd: (-1) schwa.Rd:50-51: Lost braces in \itemize; \value handles \item{}{} directly
checkRd: (-1) schwa.Rd:52-53: Lost braces in \itemize; \value handles \item{}{} directly
checkRd: (-1) schwa.Rd:54-56: Lost braces in \itemize; \value handles \item{}{} directly
checkRd: (-1) schwa.Rd:57-60: Lost braces in \itemize; \value handles \item{}{} directly
checkRd: (-1) schwa.Rd:61-64: Lost braces in \itemize; \value handles \item{}{} directly
Flavors: r-devel-linux-x86_64-debian-clang, r-devel-linux-x86_64-debian-gcc