Last updated on 2023-12-07 01:54:49 CET.
Flavor | Version | Tinstall | Tcheck | Ttotal | Status | Flags |
---|---|---|---|---|---|---|
r-devel-linux-x86_64-debian-clang | 1.1.7 | 590.12 | 94.76 | 684.88 | OK | |
r-devel-linux-x86_64-debian-gcc | 1.1.7 | 385.21 | 71.24 | 456.45 | OK | |
r-devel-linux-x86_64-fedora-clang | 1.1.7 | 890.94 | OK | |||
r-devel-linux-x86_64-fedora-gcc | 1.1.7 | 968.32 | OK | |||
r-devel-windows-x86_64 | 1.1.7 | 387.00 | 127.00 | 514.00 | OK | |
r-patched-linux-x86_64 | 1.1.7 | 434.16 | 92.01 | 526.17 | OK | |
r-release-linux-x86_64 | 1.1.7 | 458.63 | 92.57 | 551.20 | OK | |
r-release-macos-arm64 | 1.1.7 | 219.00 | NOTE | |||
r-release-macos-x86_64 | 1.1.7 | 165.00 | NOTE | |||
r-release-windows-x86_64 | 1.1.7 | 500.00 | 145.00 | 645.00 | OK | |
r-oldrel-macos-arm64 | 1.1.7 | 193.00 | NOTE | |||
r-oldrel-macos-x86_64 | 1.1.7 | 228.00 | NOTE | |||
r-oldrel-windows-x86_64 | 1.1.7 | 454.00 | 139.00 | 593.00 | OK |
Version: 1.1.7
Check: installed package size
Result: NOTE
installed size is 23.4Mb
sub-directories of 1Mb or more:
libs 22.5Mb
Flavors: r-release-macos-arm64, r-release-macos-x86_64, r-oldrel-macos-arm64, r-oldrel-macos-x86_64