Last updated on 2023-12-06 01:56:19 CET.
Flavor | Version | Tinstall | Tcheck | Ttotal | Status | Flags |
---|---|---|---|---|---|---|
r-devel-linux-x86_64-debian-clang | 1.0.2.5 | 21.07 | 185.56 | 206.63 | NOTE | |
r-devel-linux-x86_64-debian-gcc | 1.0.2.5 | 18.12 | 134.23 | 152.35 | NOTE | |
r-devel-linux-x86_64-fedora-clang | 1.0.2.5 | 257.44 | OK | |||
r-devel-linux-x86_64-fedora-gcc | 1.0.2.5 | 281.82 | OK | |||
r-devel-windows-x86_64 | 1.0.2.5 | 20.00 | 141.00 | 161.00 | OK | |
r-patched-linux-x86_64 | 1.0.2.5 | 30.48 | 175.47 | 205.95 | OK | |
r-release-linux-x86_64 | 1.0.2.5 | 23.24 | 172.44 | 195.68 | OK | |
r-release-macos-arm64 | 1.0.2.5 | 83.00 | OK | |||
r-release-macos-x86_64 | 1.0.2.5 | 134.00 | OK | |||
r-release-windows-x86_64 | 1.0.2.5 | 28.00 | 174.00 | 202.00 | OK | |
r-oldrel-macos-arm64 | 1.0.2.5 | 72.00 | OK | |||
r-oldrel-macos-x86_64 | 1.0.2.5 | 98.00 | OK | |||
r-oldrel-windows-x86_64 | 1.0.2.5 | 28.00 | 175.00 | 203.00 | OK |
Version: 1.0.2.5
Check: Rd files
Result: NOTE
checkRd: (-1) impactspsur.Rd:42: Lost braces; missing escapes or markup?
42 | and a matching \code{Qres} list attribute if {Q} was given.
| ^
checkRd: (-1) spsur3sls.Rd:158: Lost braces; missing escapes or markup?
158 | the matrix of regressors, of order \emph{(Nxp_{g})}. Moreover,
| ^
checkRd: (-1) spsurgs3sls.Rd:67: Lost braces; missing escapes or markup?
67 | \item{het}{default {FALSE}: if {TRUE} uses the methods
| ^
checkRd: (-1) spsurgs3sls.Rd:67: Lost braces; missing escapes or markup?
67 | \item{het}{default {FALSE}: if {TRUE} uses the methods
| ^
Flavors: r-devel-linux-x86_64-debian-clang, r-devel-linux-x86_64-debian-gcc