CRAN Package Check Results for Package ssaBSS

Last updated on 2024-04-18 01:55:35 CEST.

Flavor Version Tinstall Tcheck Ttotal Status Flags
r-devel-linux-x86_64-debian-clang 0.1.1 13.21 128.35 141.56 NOTE
r-devel-linux-x86_64-debian-gcc 0.1.1 11.57 95.73 107.30 NOTE
r-devel-linux-x86_64-fedora-clang 0.1.1 181.42 NOTE
r-devel-linux-x86_64-fedora-gcc 0.1.1 167.33 NOTE
r-prerel-macos-arm64 0.1.1 49.00 NOTE
r-prerel-windows-x86_64 0.1.1 13.00 102.00 115.00 NOTE
r-patched-linux-x86_64 0.1.1 15.07 122.42 137.49 NOTE
r-release-linux-x86_64 0.1.1 11.50 127.79 139.29 OK
r-release-macos-arm64 0.1.1 55.00 OK
r-release-macos-x86_64 0.1.1 87.00 OK
r-release-windows-x86_64 0.1.1 17.00 134.00 151.00 OK
r-oldrel-macos-arm64 0.1.1 51.00 OK
r-oldrel-windows-x86_64 0.1.1 18.00 140.00 158.00 OK

Check Details

Version: 0.1.1
Check: Rd files
Result: NOTE checkRd: (-1) ssaBSS-package.Rd:22: Lost braces in \itemize; meant \describe ? checkRd: (-1) ssaBSS-package.Rd:23: Lost braces in \itemize; meant \describe ? checkRd: (-1) ssaBSS-package.Rd:24: Lost braces in \itemize; meant \describe ? checkRd: (-1) ssaBSS-package.Rd:25: Lost braces in \itemize; meant \describe ? checkRd: (-1) ssaBSS-package.Rd:26: Lost braces in \itemize; meant \describe ? Flavors: r-devel-linux-x86_64-debian-clang, r-devel-linux-x86_64-debian-gcc, r-devel-linux-x86_64-fedora-clang, r-devel-linux-x86_64-fedora-gcc, r-prerel-macos-arm64, r-prerel-windows-x86_64, r-patched-linux-x86_64