Last updated on 2023-12-02 12:48:33 CET.
Flavor | Version | Tinstall | Tcheck | Ttotal | Status | Flags |
---|---|---|---|---|---|---|
r-devel-linux-x86_64-debian-clang | 0.2.7 | 9.60 | 161.93 | 171.53 | NOTE | |
r-devel-linux-x86_64-debian-gcc | 0.2.7 | 7.59 | 118.55 | 126.14 | NOTE | |
r-devel-linux-x86_64-fedora-clang | 0.2.7 | 215.28 | NOTE | |||
r-devel-linux-x86_64-fedora-gcc | 0.2.7 | 234.58 | NOTE | |||
r-devel-windows-x86_64 | 0.2.7 | 14.00 | 137.00 | 151.00 | NOTE | |
r-patched-linux-x86_64 | 0.2.7 | 9.40 | 154.71 | 164.11 | NOTE | |
r-release-linux-x86_64 | 0.2.7 | 9.08 | 152.87 | 161.95 | NOTE | |
r-release-macos-arm64 | 0.2.7 | 66.00 | NOTE | |||
r-release-macos-x86_64 | 0.2.7 | 109.00 | NOTE | |||
r-release-windows-x86_64 | 0.2.7 | 19.00 | 173.00 | 192.00 | NOTE | |
r-oldrel-macos-arm64 | 0.2.7 | 61.00 | OK | |||
r-oldrel-macos-x86_64 | 0.2.7 | 111.00 | OK | |||
r-oldrel-windows-x86_64 | 0.2.7 | 18.00 | 177.00 | 195.00 | OK |
Version: 0.2.7
Check: package subdirectories
Result: NOTE
Problems with news in ‘NEWS.md’:
Cannot extract version info from the following section titles:
To do
Flavors: r-devel-linux-x86_64-debian-clang, r-devel-linux-x86_64-debian-gcc, r-devel-linux-x86_64-fedora-clang, r-devel-linux-x86_64-fedora-gcc, r-devel-windows-x86_64, r-patched-linux-x86_64, r-release-linux-x86_64, r-release-macos-arm64, r-release-macos-x86_64, r-release-windows-x86_64
Version: 0.2.7
Check: Rd files
Result: NOTE
checkRd: (-1) normalize_2d.Rd:20: Lost braces; missing escapes or markup?
20 | \item{The dimensions are spatial, named \code{x} and {y} (in that order).}
| ^
checkRd: (-1) normalize_3d.Rd:20: Lost braces; missing escapes or markup?
20 | \item{The first two dimensions are spatial, named \code{x} and {y} (in that order).}
| ^
Flavors: r-devel-linux-x86_64-debian-clang, r-devel-linux-x86_64-debian-gcc