Last updated on 2023-12-09 13:48:43 CET.
Flavor | Version | Tinstall | Tcheck | Ttotal | Status | Flags |
---|---|---|---|---|---|---|
r-devel-linux-x86_64-debian-clang | 0.5.0 | 130.68 | 132.64 | 263.32 | OK | |
r-devel-linux-x86_64-debian-gcc | 0.5.0 | 83.15 | 120.16 | 203.31 | OK | |
r-devel-linux-x86_64-fedora-clang | 0.5.0 | 348.99 | OK | |||
r-devel-linux-x86_64-fedora-gcc | 0.5.0 | 376.32 | OK | |||
r-devel-windows-x86_64 | 0.5.0 | 91.00 | 141.00 | 232.00 | OK | |
r-patched-linux-x86_64 | 0.5.0 | 105.77 | 145.72 | 251.49 | OK | |
r-release-linux-x86_64 | 0.5.0 | 104.76 | 145.85 | 250.61 | OK | |
r-release-macos-arm64 | 0.5.0 | 111.00 | NOTE | |||
r-release-macos-x86_64 | 0.5.0 | 181.00 | NOTE | |||
r-release-windows-x86_64 | 0.5.0 | 117.00 | 177.00 | 294.00 | OK | |
r-oldrel-macos-arm64 | 0.5.0 | 93.00 | NOTE | |||
r-oldrel-macos-x86_64 | 0.5.0 | 116.00 | NOTE | |||
r-oldrel-windows-x86_64 | 0.5.0 | 113.00 | 167.00 | 280.00 | OK |
Version: 0.5.0
Check: installed package size
Result: NOTE
installed size is 7.1Mb
sub-directories of 1Mb or more:
libs 6.4Mb
Flavors: r-release-macos-arm64, r-release-macos-x86_64, r-oldrel-macos-arm64, r-oldrel-macos-x86_64