Last updated on 2023-12-07 12:49:47 CET.
Flavor | Version | Tinstall | Tcheck | Ttotal | Status | Flags |
---|---|---|---|---|---|---|
r-devel-linux-x86_64-debian-clang | 1.0-1 | 25.80 | 211.84 | 237.64 | OK | |
r-devel-linux-x86_64-debian-gcc | 1.0-1 | 20.53 | 157.70 | 178.23 | OK | |
r-devel-linux-x86_64-fedora-clang | 1.0-1 | 288.48 | NOTE | |||
r-devel-linux-x86_64-fedora-gcc | 1.0-1 | 290.32 | OK | |||
r-devel-windows-x86_64 | 1.0-1 | 24.00 | 181.00 | 205.00 | OK | |
r-patched-linux-x86_64 | 1.0-1 | 32.50 | 205.50 | 238.00 | OK | |
r-release-linux-x86_64 | 1.0-1 | 21.16 | 202.84 | 224.00 | OK | |
r-release-macos-arm64 | 1.0-1 | 89.00 | OK | |||
r-release-macos-x86_64 | 1.0-1 | 121.00 | OK | |||
r-release-windows-x86_64 | 1.0-1 | 30.00 | 220.00 | 250.00 | OK | |
r-oldrel-macos-arm64 | 1.0-1 | 74.00 | OK | |||
r-oldrel-macos-x86_64 | 1.0-1 | 104.00 | OK | |||
r-oldrel-windows-x86_64 | 1.0-1 | 30.00 | 210.00 | 240.00 | OK |
Version: 1.0-1
Check: Rd cross-references
Result: NOTE
Undeclared package ‘dbscan’ in Rd xrefs
Flavor: r-devel-linux-x86_64-fedora-clang