Last updated on 2023-12-01 00:52:13 CET.
Flavor | Version | Tinstall | Tcheck | Ttotal | Status | Flags |
---|---|---|---|---|---|---|
r-devel-linux-x86_64-debian-clang | 0.15.8 | 27.68 | 148.96 | 176.64 | WARN | |
r-devel-linux-x86_64-debian-gcc | 0.16.0 | 22.81 | 106.80 | 129.61 | NOTE | |
r-devel-linux-x86_64-fedora-clang | 0.16.0 | 229.83 | NOTE | |||
r-devel-linux-x86_64-fedora-gcc | 0.16.0 | 240.72 | NOTE | |||
r-devel-windows-x86_64 | 0.16.0 | 58.00 | 147.00 | 205.00 | NOTE | |
r-patched-linux-x86_64 | 0.16.0 | 27.84 | 139.09 | 166.93 | NOTE | |
r-release-linux-x86_64 | 0.15.8 | 26.06 | 140.20 | 166.26 | NOTE | |
r-release-macos-arm64 | 0.16.0 | 68.00 | NOTE | |||
r-release-macos-x86_64 | 0.15.8 | 189.00 | NOTE | |||
r-release-windows-x86_64 | 0.16.0 | 78.00 | 157.00 | 235.00 | NOTE | |
r-oldrel-macos-arm64 | 0.16.0 | 60.00 | NOTE | |||
r-oldrel-macos-x86_64 | 0.15.8 | 112.00 | NOTE | |||
r-oldrel-windows-x86_64 | 0.16.0 | 74.00 | 153.00 | 227.00 | NOTE |
Version: 0.15.8
Check: whether package can be installed
Result: WARN
Found the following significant warnings:
./sf_altrep.h:68:46: warning: format specifies type 'int' but the argument has type 'R_xlen_t' (aka 'long') [-Wformat]
See ‘/home/hornik/tmp/R.check/r-devel-clang/Work/PKGS/stringfish.Rcheck/00install.out’ for details.
* used C++ compiler: ‘Debian clang version 17.0.5 (1)’
Flavor: r-devel-linux-x86_64-debian-clang
Version: 0.15.8
Check: for GNU extensions in Makefiles
Result: NOTE
GNU make is a SystemRequirements.
Flavors: r-devel-linux-x86_64-debian-clang, r-release-linux-x86_64, r-release-macos-x86_64, r-oldrel-macos-x86_64
Version: 0.16.0
Check: for GNU extensions in Makefiles
Result: NOTE
GNU make is a SystemRequirements.
Flavors: r-devel-linux-x86_64-debian-gcc, r-devel-linux-x86_64-fedora-clang, r-devel-linux-x86_64-fedora-gcc, r-devel-windows-x86_64, r-patched-linux-x86_64, r-release-macos-arm64, r-release-windows-x86_64, r-oldrel-macos-arm64, r-oldrel-windows-x86_64