CRAN Package Check Results for Package strvalidator

Last updated on 2024-02-27 01:50:18 CET.

Flavor Version Tinstall Tcheck Ttotal Status Flags
r-devel-linux-x86_64-debian-clang 2.4.1 89.79 487.48 577.27 NOTE
r-devel-linux-x86_64-debian-gcc 2.4.1 66.02 346.95 412.97 NOTE
r-devel-linux-x86_64-fedora-clang 2.4.1 703.54 NOTE
r-devel-linux-x86_64-fedora-gcc 2.4.1 573.46 OK
r-devel-windows-x86_64 2.4.1 49.00 284.00 333.00 OK
r-patched-linux-x86_64 2.4.1 56.11 414.32 470.43 OK
r-release-linux-x86_64 2.4.1 43.30 405.47 448.77 OK
r-release-macos-arm64 2.4.1 123.00 OK
r-release-macos-x86_64 2.4.1 348.00 OK
r-release-windows-x86_64 2.4.1 60.00 372.00 432.00 OK
r-oldrel-macos-arm64 2.4.1 333.00 OK
r-oldrel-windows-x86_64 2.4.1 66.00 323.00 389.00 OK

Check Details

Version: 2.4.1
Check: Rd files
Result: NOTE checkRd: (-1) calculateStatistics.Rd:22: Lost braces; missing escapes or markup? 22 | \item{quant}{numeric quantile to calculate {0,1}, default 0.95.} | ^ Flavors: r-devel-linux-x86_64-debian-clang, r-devel-linux-x86_64-debian-gcc, r-devel-linux-x86_64-fedora-clang