Last updated on 2024-05-04 12:48:12 CEST.
Flavor | Version | Tinstall | Tcheck | Ttotal | Status | Flags |
---|---|---|---|---|---|---|
r-devel-linux-x86_64-debian-clang | 2.4.1 | 99.77 | 478.00 | 577.77 | NOTE | |
r-devel-linux-x86_64-debian-gcc | 2.4.1 | 63.37 | 341.81 | 405.18 | NOTE | |
r-devel-linux-x86_64-fedora-clang | 2.4.1 | 719.51 | NOTE | |||
r-devel-linux-x86_64-fedora-gcc | 2.4.1 | 694.98 | NOTE | |||
r-devel-windows-x86_64 | 2.4.1 | 57.00 | 302.00 | 359.00 | NOTE | |
r-patched-linux-x86_64 | 2.4.1 | 93.32 | 446.66 | 539.98 | NOTE | |
r-release-linux-x86_64 | 2.4.1 | 51.74 | 460.82 | 512.56 | NOTE | |
r-release-macos-arm64 | 2.4.1 | 308.00 | NOTE | |||
r-release-windows-x86_64 | 2.4.1 | 48.00 | 282.00 | 330.00 | NOTE | |
r-oldrel-macos-arm64 | 2.4.1 | 123.00 | OK | |||
r-oldrel-macos-x86_64 | 2.4.1 | 348.00 | OK | |||
r-oldrel-windows-x86_64 | 2.4.1 | 61.00 | 343.00 | 404.00 | OK |
Version: 2.4.1
Check: Rd files
Result: NOTE
checkRd: (-1) calculateStatistics.Rd:22: Lost braces; missing escapes or markup?
22 | \item{quant}{numeric quantile to calculate {0,1}, default 0.95.}
| ^
Flavors: r-devel-linux-x86_64-debian-clang, r-devel-linux-x86_64-debian-gcc, r-devel-linux-x86_64-fedora-clang, r-devel-linux-x86_64-fedora-gcc, r-devel-windows-x86_64, r-patched-linux-x86_64, r-release-linux-x86_64, r-release-macos-arm64, r-release-windows-x86_64