Last updated on 2023-12-08 00:52:11 CET.
Flavor | Version | Tinstall | Tcheck | Ttotal | Status | Flags |
---|---|---|---|---|---|---|
r-devel-linux-x86_64-debian-clang | 1.22.1 | 71.77 | 565.60 | 637.37 | NOTE | |
r-devel-linux-x86_64-debian-gcc | 1.22.1 | 52.38 | 416.52 | 468.90 | NOTE | |
r-devel-linux-x86_64-fedora-clang | 1.22.1 | 810.80 | NOTE | |||
r-devel-linux-x86_64-fedora-gcc | 1.22.1 | 795.83 | OK | |||
r-devel-windows-x86_64 | 1.22.1 | 63.00 | 333.00 | 396.00 | NOTE | --no-vignettes |
r-patched-linux-x86_64 | 1.22.1 | 77.64 | 543.88 | 621.52 | NOTE | |
r-release-linux-x86_64 | 1.22.1 | 63.78 | 536.83 | 600.61 | NOTE | |
r-release-macos-arm64 | 1.22.1 | 233.00 | NOTE | |||
r-release-macos-x86_64 | 1.22.1 | 548.00 | NOTE | |||
r-release-windows-x86_64 | 1.22.1 | 81.00 | 364.00 | 445.00 | NOTE | --no-vignettes |
r-oldrel-macos-arm64 | 1.22.1 | 218.00 | NOTE | |||
r-oldrel-macos-x86_64 | 1.21.1 | 282.00 | NOTE | |||
r-oldrel-windows-x86_64 | 1.22.1 | 75.00 | 426.00 | 501.00 | NOTE | --no-vignettes |
Version: 1.22.1
Check: package dependencies
Result: NOTE
Package suggested but not available for checking: ‘INLA’
Flavors: r-devel-linux-x86_64-debian-clang, r-devel-linux-x86_64-debian-gcc, r-patched-linux-x86_64, r-release-linux-x86_64, r-release-macos-arm64, r-release-macos-x86_64, r-oldrel-macos-arm64
Version: 1.22.1
Check: installed package size
Result: NOTE
installed size is 6.8Mb
sub-directories of 1Mb or more:
R 1.7Mb
doc 2.2Mb
help 1.0Mb
Flavors: r-devel-linux-x86_64-fedora-clang, r-release-macos-arm64, r-release-macos-x86_64, r-oldrel-macos-arm64
Version: 1.22.1
Flags: --no-vignettes
Check: package dependencies
Result: NOTE
Package suggested but not available for checking: 'INLA'
Flavors: r-devel-windows-x86_64, r-release-windows-x86_64, r-oldrel-windows-x86_64
Version: 1.22.1
Flags: --no-vignettes
Check: installed package size
Result: NOTE
installed size is 7.5Mb
sub-directories of 1Mb or more:
R 1.7Mb
doc 2.2Mb
libs 1.1Mb
Flavors: r-devel-windows-x86_64, r-release-windows-x86_64, r-oldrel-windows-x86_64
Version: 1.21.1
Check: package dependencies
Result: NOTE
Package suggested but not available for checking: ‘INLA’
Flavor: r-oldrel-macos-x86_64
Version: 1.21.1
Check: installed package size
Result: NOTE
installed size is 8.0Mb
sub-directories of 1Mb or more:
R 1.7Mb
doc 2.2Mb
libs 1.5Mb
Flavor: r-oldrel-macos-x86_64