CRAN Package Check Results for Package svSocket

Last updated on 2024-03-02 12:48:32 CET.

Flavor Version Tinstall Tcheck Ttotal Status Flags
r-devel-linux-x86_64-debian-clang 1.1.0 4.48 38.83 43.31 NOTE
r-devel-linux-x86_64-debian-gcc 1.1.5 3.17 29.64 32.81 OK
r-devel-linux-x86_64-fedora-clang 1.1.5 55.38 OK
r-devel-linux-x86_64-fedora-gcc 1.1.5 68.16 OK
r-devel-windows-x86_64 1.1.5 4.00 49.00 53.00 OK
r-patched-linux-x86_64 1.1.0 3.80 36.82 40.62 OK
r-release-linux-x86_64 1.1.0 3.67 36.27 39.94 OK
r-release-macos-arm64 1.1.0 28.00 OK
r-release-macos-x86_64 1.1.5 81.00 OK
r-release-windows-x86_64 1.1.0 5.00 52.00 57.00 OK
r-oldrel-macos-arm64 1.1.0 29.00 OK
r-oldrel-windows-x86_64 1.1.5 5.00 54.00 59.00 OK

Check Details

Version: 1.1.0
Check: Rd files
Result: NOTE checkRd: (-1) svSocket-package.Rd:12: Lost braces; missing escapes or markup? 12 | The SciViews {svSocket} package provides a stateful, multi-client and | ^ checkRd: (-1) svSocket-package.Rd:16: Lost braces; missing escapes or markup? 16 | thus, it needs a working version of Tcl/Tk (>= 8.4) and of the {tcltk} R | ^ checkRd: (-1) svSocket-package.Rd:33: Lost braces; missing escapes or markup? 33 | efficient as, say {Rserver} ({Rserver} exchanges R objects in binary format, | ^ checkRd: (-1) svSocket-package.Rd:33: Lost braces; missing escapes or markup? 33 | efficient as, say {Rserver} ({Rserver} exchanges R objects in binary format, | ^ checkRd: (-1) svSocket-package.Rd:34: Lost braces; missing escapes or markup? 34 | but {Rserver} is not stateful, clients do not share the same global workspace | ^ Flavor: r-devel-linux-x86_64-debian-clang