Last updated on 2023-12-03 01:58:02 CET.
Flavor | Version | Tinstall | Tcheck | Ttotal | Status | Flags |
---|---|---|---|---|---|---|
r-devel-linux-x86_64-debian-clang | 0.2.1 | 153.40 | 69.07 | 222.47 | NOTE | |
r-devel-linux-x86_64-debian-gcc | 0.2.1 | 118.41 | 57.15 | 175.56 | WARN | |
r-devel-linux-x86_64-fedora-clang | 0.2.1 | 286.05 | NOTE | |||
r-devel-linux-x86_64-fedora-gcc | 0.2.1 | 343.69 | WARN | |||
r-devel-windows-x86_64 | 0.2.1 | 106.00 | 120.00 | 226.00 | NOTE | |
r-patched-linux-x86_64 | 0.2.1 | 140.81 | 74.63 | 215.44 | WARN | |
r-release-linux-x86_64 | 0.2.1 | 143.38 | 72.32 | 215.70 | WARN | |
r-release-macos-arm64 | 0.2.1 | 77.00 | NOTE | |||
r-release-macos-x86_64 | 0.2.1 | 266.00 | NOTE | |||
r-release-windows-x86_64 | 0.2.1 | 135.00 | 140.00 | 275.00 | NOTE | |
r-oldrel-macos-arm64 | 0.2.1 | 80.00 | NOTE | |||
r-oldrel-macos-x86_64 | 0.1.4 | 104.00 | NOTE | |||
r-oldrel-windows-x86_64 | 0.2.1 | 123.00 | 128.00 | 251.00 | NOTE |
Version: 0.2.1
Check: C++ specification
Result: NOTE
Specified C++14: please drop specification unless essential
Flavors: r-devel-linux-x86_64-debian-clang, r-devel-linux-x86_64-debian-gcc, r-devel-linux-x86_64-fedora-clang, r-devel-linux-x86_64-fedora-gcc, r-devel-windows-x86_64, r-patched-linux-x86_64, r-release-linux-x86_64, r-release-macos-arm64, r-release-macos-x86_64, r-release-windows-x86_64
Version: 0.2.1
Check: whether package can be installed
Result: WARN
Found the following significant warnings:
/usr/lib/gcc/x86_64-linux-gnu/13/include/emmintrin.h:169:19: warning: ‘void* __builtin_memcpy(void*, const void*, long unsigned int)’ reading 16 or more bytes from a region of size 8 [-Wstringop-overread]
See ‘/home/hornik/tmp/R.check/r-devel-gcc/Work/PKGS/svines.Rcheck/00install.out’ for details.
* used C++ compiler: ‘g++-13 (Debian 13.2.0-5) 13.2.0’
Flavor: r-devel-linux-x86_64-debian-gcc
Version: 0.2.1
Check: installed package size
Result: NOTE
installed size is 5.5Mb
sub-directories of 1Mb or more:
libs 5.0Mb
Flavors: r-devel-linux-x86_64-fedora-clang, r-devel-windows-x86_64, r-release-macos-arm64, r-release-macos-x86_64, r-release-windows-x86_64, r-oldrel-macos-arm64, r-oldrel-windows-x86_64
Version: 0.2.1
Check: whether package can be installed
Result: WARN
Found the following significant warnings:
/usr/local/gcc13/lib/gcc/x86_64-pc-linux-gnu/13.2.0/include/emmintrin.h:169:19: warning: 'void* __builtin_memcpy(void*, const void*, long unsigned int)' reading 16 or more bytes from a region of size 8 [-Wstringop-overread]
See ‘/data/gannet/ripley/R/packages/tests-devel/svines.Rcheck/00install.out’ for details.
* used C++ compiler: ‘g++-13 (GCC) 13.2.0’
Flavor: r-devel-linux-x86_64-fedora-gcc
Version: 0.2.1
Check: whether package can be installed
Result: WARN
Found the following significant warnings:
/usr/lib/gcc/x86_64-linux-gnu/13/include/emmintrin.h:169:19: warning: ‘void* __builtin_memcpy(void*, const void*, long unsigned int)’ reading 16 or more bytes from a region of size 8 [-Wstringop-overread]
See ‘/home/hornik/tmp/R.check/r-patched-gcc/Work/PKGS/svines.Rcheck/00install.out’ for details.
* used C++ compiler: ‘g++-13 (Debian 13.2.0-5) 13.2.0’
Flavor: r-patched-linux-x86_64
Version: 0.2.1
Check: whether package can be installed
Result: WARN
Found the following significant warnings:
/usr/lib/gcc/x86_64-linux-gnu/13/include/emmintrin.h:169:19: warning: ‘void* __builtin_memcpy(void*, const void*, long unsigned int)’ reading 16 or more bytes from a region of size 8 [-Wstringop-overread]
See ‘/home/hornik/tmp/R.check/r-release-gcc/Work/PKGS/svines.Rcheck/00install.out’ for details.
* used C++ compiler: ‘g++-13 (Debian 13.2.0-5) 13.2.0’
Flavor: r-release-linux-x86_64
Version: 0.1.4
Check: installed package size
Result: NOTE
installed size is 50.0Mb
sub-directories of 1Mb or more:
libs 49.5Mb
Flavor: r-oldrel-macos-x86_64