Last updated on 2024-08-16 00:48:34 CEST.
Flavor | Version | Tinstall | Tcheck | Ttotal | Status | Flags |
---|---|---|---|---|---|---|
r-devel-linux-x86_64-debian-clang | 0.1.0 | 3.11 | 106.03 | 109.14 | NOTE | |
r-devel-linux-x86_64-debian-gcc | 0.1.0 | 1.98 | 66.41 | 68.39 | NOTE | |
r-devel-linux-x86_64-fedora-clang | 0.1.0 | 182.37 | OK | |||
r-devel-linux-x86_64-fedora-gcc | 0.1.0 | 195.30 | OK | |||
r-devel-windows-x86_64 | 0.1.0 | 5.00 | 124.00 | 129.00 | NOTE | |
r-patched-linux-x86_64 | 0.1.0 | 8.65 | 98.61 | 107.26 | OK | |
r-release-linux-x86_64 | 0.1.0 | 3.01 | 101.98 | 104.99 | OK | |
r-release-macos-arm64 | 0.1.0 | 53.00 | OK | |||
r-release-macos-x86_64 | 0.1.0 | 90.00 | OK | |||
r-release-windows-x86_64 | 0.1.0 | 6.00 | 122.00 | 128.00 | OK | |
r-oldrel-macos-arm64 | 0.1.0 | 55.00 | OK | |||
r-oldrel-macos-x86_64 | 0.1.0 | 149.00 | OK | |||
r-oldrel-windows-x86_64 | 0.1.0 | 6.00 | 141.00 | 147.00 | OK |
Version: 0.1.0
Check: Rd cross-references
Result: NOTE
Found the following Rd file(s) with Rd \link{} targets missing package
anchors:
nnba.Rd: pdist
Please provide package anchors for all Rd \link{} targets not in the
package itself and the base packages.
Flavors: r-devel-linux-x86_64-debian-clang, r-devel-linux-x86_64-debian-gcc, r-devel-windows-x86_64