Last updated on 2024-08-16 00:48:34 CEST.
Flavor | Version | Tinstall | Tcheck | Ttotal | Status | Flags |
---|---|---|---|---|---|---|
r-devel-linux-x86_64-debian-clang | 0.4.0 | 18.65 | 26.87 | 45.52 | NOTE | |
r-devel-linux-x86_64-debian-gcc | 0.4.0 | 14.21 | 21.23 | 35.44 | NOTE | |
r-devel-linux-x86_64-fedora-clang | 0.4.0 | 91.49 | NOTE | |||
r-devel-linux-x86_64-fedora-gcc | 0.4.0 | 99.69 | NOTE | |||
r-devel-windows-x86_64 | 0.4.0 | 28.00 | 72.00 | 100.00 | NOTE | |
r-patched-linux-x86_64 | 0.4.0 | 20.72 | 25.58 | 46.30 | OK | |
r-release-linux-x86_64 | 0.4.0 | 17.88 | 25.60 | 43.48 | OK | |
r-release-macos-arm64 | 0.4.0 | 61.00 | NOTE | |||
r-release-macos-x86_64 | 0.4.0 | 51.00 | NOTE | |||
r-release-windows-x86_64 | 0.4.0 | 28.00 | 71.00 | 99.00 | OK | |
r-oldrel-macos-arm64 | 0.4.0 | 42.00 | NOTE | |||
r-oldrel-macos-x86_64 | 0.4.0 | 72.00 | NOTE | |||
r-oldrel-windows-x86_64 | 0.4.0 | 33.00 | 77.00 | 110.00 | OK |
Version: 0.4.0
Check: Rd cross-references
Result: NOTE
Found the following Rd file(s) with Rd \link{} targets missing package
anchors:
text_width.Rd: shape_string
Please provide package anchors for all Rd \link{} targets not in the
package itself and the base packages.
Flavors: r-devel-linux-x86_64-debian-clang, r-devel-linux-x86_64-debian-gcc, r-devel-windows-x86_64
Version: 0.4.0
Check: compiled code
Result: NOTE
File ‘textshaping/libs/textshaping.so’:
Found non-API calls to R: ‘SETLENGTH’, ‘SET_GROWABLE_BIT’,
‘SET_TRUELENGTH’
Compiled code should not call non-API entry points in R.
See ‘Writing portable packages’ in the ‘Writing R Extensions’ manual,
and section ‘Moving into C API compliance’ for issues with the use of
non-API entry points.
Flavors: r-devel-linux-x86_64-debian-clang, r-devel-linux-x86_64-debian-gcc, r-devel-linux-x86_64-fedora-clang, r-devel-linux-x86_64-fedora-gcc
Version: 0.4.0
Check: compiled code
Result: NOTE
File 'textshaping/libs/x64/textshaping.dll':
Found non-API calls to R: 'SETLENGTH', 'SET_GROWABLE_BIT',
'SET_TRUELENGTH'
Compiled code should not call non-API entry points in R.
See 'Writing portable packages' in the 'Writing R Extensions' manual,
and section 'Moving into C API compliance' for issues with the use of
non-API entry points.
Flavor: r-devel-windows-x86_64
Version: 0.4.0
Check: installed package size
Result: NOTE
installed size is 21.2Mb
sub-directories of 1Mb or more:
libs 21.0Mb
Flavors: r-release-macos-arm64, r-release-macos-x86_64, r-oldrel-macos-arm64, r-oldrel-macos-x86_64