Last updated on 2024-08-31 12:49:25 CEST.
Flavor | Version | Tinstall | Tcheck | Ttotal | Status | Flags |
---|---|---|---|---|---|---|
r-devel-linux-x86_64-debian-clang | 0.1.1 | 4.01 | 87.26 | 91.27 | OK | |
r-devel-linux-x86_64-debian-gcc | 0.1.1 | 3.05 | 65.70 | 68.75 | OK | |
r-devel-linux-x86_64-fedora-clang | 0.1.1 | 141.66 | NOTE | |||
r-devel-linux-x86_64-fedora-gcc | 0.1.1 | 150.19 | NOTE | |||
r-devel-windows-x86_64 | 0.1.1 | 6.00 | 94.00 | 100.00 | OK | |
r-patched-linux-x86_64 | 0.1.1 | 4.19 | 84.11 | 88.30 | OK | |
r-release-linux-x86_64 | 0.1.1 | 4.14 | 85.28 | 89.42 | OK | |
r-release-macos-arm64 | 0.1.1 | 49.00 | OK | |||
r-release-macos-x86_64 | 0.1.1 | 77.00 | OK | |||
r-release-windows-x86_64 | 0.1.1 | 6.00 | 101.00 | 107.00 | OK | |
r-oldrel-macos-arm64 | 0.1.1 | 64.00 | OK | |||
r-oldrel-macos-x86_64 | 0.1.1 | 110.00 | OK | |||
r-oldrel-windows-x86_64 | 0.1.1 | 8.00 | 117.00 | 125.00 | OK |
Version: 0.1.1
Check: data for non-ASCII characters
Result: NOTE
Note: found 4546 marked UTF-8 strings
Flavors: r-devel-linux-x86_64-fedora-clang, r-devel-linux-x86_64-fedora-gcc