CRAN Package Check Results for Package tidylog

Last updated on 2024-04-25 01:55:32 CEST.

Flavor Version Tinstall Tcheck Ttotal Status Flags
r-devel-linux-x86_64-debian-clang 1.0.2 7.30 76.53 83.83 NOTE
r-devel-linux-x86_64-debian-gcc 1.0.2 4.75 56.41 61.16 NOTE
r-devel-linux-x86_64-fedora-clang 1.0.2 105.19 NOTE
r-devel-linux-x86_64-fedora-gcc 1.0.2 117.63 NOTE
r-devel-windows-x86_64 1.0.2 8.00 87.00 95.00 NOTE
r-patched-linux-x86_64 1.0.2 5.54 74.74 80.28 NOTE
r-release-linux-x86_64 1.0.2 3.72 73.25 76.97 NOTE
r-release-macos-arm64 1.0.2 39.00 NOTE
r-release-windows-x86_64 1.0.2 8.00 84.00 92.00 NOTE
r-oldrel-macos-arm64 1.0.2 42.00 NOTE
r-oldrel-macos-x86_64 1.0.2 64.00 NOTE
r-oldrel-windows-x86_64 1.0.2 9.00 95.00 104.00 NOTE

Check Details

Version: 1.0.2
Check: LazyData
Result: NOTE 'LazyData' is specified without a 'data' directory Flavors: r-devel-linux-x86_64-debian-clang, r-devel-linux-x86_64-debian-gcc, r-devel-linux-x86_64-fedora-clang, r-devel-linux-x86_64-fedora-gcc, r-devel-windows-x86_64, r-patched-linux-x86_64, r-release-linux-x86_64, r-release-macos-arm64, r-release-windows-x86_64, r-oldrel-macos-arm64, r-oldrel-macos-x86_64, r-oldrel-windows-x86_64