Last updated on 2023-11-29 12:57:05 CET.
Flavor | Version | Tinstall | Tcheck | Ttotal | Status | Flags |
---|---|---|---|---|---|---|
r-devel-linux-x86_64-debian-clang | 1.1.0 | 52.44 | 455.89 | 508.33 | OK | |
r-devel-linux-x86_64-debian-gcc | 1.1.0 | 43.98 | 426.41 | 470.39 | OK | |
r-devel-linux-x86_64-fedora-clang | 1.1.0 | 630.85 | OK | |||
r-devel-linux-x86_64-fedora-gcc | 1.1.0 | 613.01 | OK | |||
r-devel-windows-x86_64 | 1.1.0 | 46.00 | 433.00 | 479.00 | OK | |
r-patched-linux-x86_64 | 1.1.0 | 53.72 | 542.34 | 596.06 | OK | |
r-release-linux-x86_64 | 1.1.0 | 34.53 | 417.83 | 452.36 | OK | |
r-release-macos-arm64 | 1.1.0 | 206.00 | NOTE | |||
r-release-macos-x86_64 | 1.1.0 | 457.00 | OK | |||
r-release-windows-x86_64 | 1.1.0 | 62.00 | 558.00 | 620.00 | OK | |
r-oldrel-macos-arm64 | 1.1.0 | 206.00 | NOTE | |||
r-oldrel-macos-x86_64 | 1.1.0 | 258.00 | OK | |||
r-oldrel-windows-x86_64 | 1.1.0 | 61.00 | 459.00 | 520.00 | OK |
Version: 1.1.0
Check: installed package size
Result: NOTE
installed size is 5.1Mb
sub-directories of 1Mb or more:
data 4.5Mb
Flavors: r-release-macos-arm64, r-oldrel-macos-arm64