Last updated on 2023-12-08 13:50:16 CET.
Flavor | Version | Tinstall | Tcheck | Ttotal | Status | Flags |
---|---|---|---|---|---|---|
r-devel-linux-x86_64-debian-clang | 0.2.0 | 3.29 | 128.07 | 131.36 | OK | |
r-devel-linux-x86_64-debian-gcc | 0.2.0 | 2.43 | 95.44 | 97.87 | OK | |
r-devel-linux-x86_64-fedora-clang | 0.2.0 | 161.54 | NOTE | |||
r-devel-linux-x86_64-fedora-gcc | 0.2.0 | 174.27 | NOTE | |||
r-devel-windows-x86_64 | 0.2.0 | 6.00 | 111.00 | 117.00 | OK | |
r-patched-linux-x86_64 | 0.2.0 | 2.35 | 130.54 | 132.89 | OK | |
r-release-linux-x86_64 | 0.2.0 | 3.28 | 130.48 | 133.76 | OK | |
r-release-macos-arm64 | 0.2.0 | 56.00 | OK | |||
r-release-macos-x86_64 | 0.2.0 | 88.00 | OK | |||
r-release-windows-x86_64 | 0.2.0 | 5.00 | 145.00 | 150.00 | OK | |
r-oldrel-macos-arm64 | 0.2.0 | 61.00 | NOTE | |||
r-oldrel-macos-x86_64 | 0.2.0 | 109.00 | NOTE | |||
r-oldrel-windows-x86_64 | 0.2.0 | 5.00 | 144.00 | 149.00 | OK |
Version: 0.2.0
Check: dependencies in R code
Result: NOTE
Namespace in Imports field not imported from: ‘lwgeom’
All declared Imports should be used.
Flavors: r-devel-linux-x86_64-fedora-clang, r-devel-linux-x86_64-fedora-gcc, r-oldrel-macos-arm64, r-oldrel-macos-x86_64