Last updated on 2024-05-04 12:48:13 CEST.
Flavor | Version | Tinstall | Tcheck | Ttotal | Status | Flags |
---|---|---|---|---|---|---|
r-devel-linux-x86_64-debian-clang | 1.5.0 | 0.44 | 2.02 | 2.46 | ERROR | |
r-devel-linux-x86_64-debian-gcc | 1.5.0 | 45.72 | 377.03 | 422.75 | OK | |
r-devel-linux-x86_64-fedora-clang | 1.5.0 | 763.53 | OK | |||
r-devel-linux-x86_64-fedora-gcc | 1.5.0 | 554.06 | OK | |||
r-devel-windows-x86_64 | 1.5.0 | 44.00 | 5.00 | 49.00 | ERROR | |
r-patched-linux-x86_64 | 1.5.0 | 41.88 | 480.64 | 522.52 | OK | |
r-release-linux-x86_64 | 1.5.0 | 39.00 | 490.20 | 529.20 | OK | |
r-release-macos-arm64 | 1.5.0 | 191.00 | OK | |||
r-release-macos-x86_64 | 1.5.0 | 395.00 | OK | |||
r-release-windows-x86_64 | 1.5.0 | 52.00 | 348.00 | 400.00 | OK | |
r-oldrel-macos-arm64 | 1.5.0 | 206.00 | OK | |||
r-oldrel-macos-x86_64 | 1.5.0 | 419.00 | OK | |||
r-oldrel-windows-x86_64 | 1.5.0 | 71.00 | 459.00 | 530.00 | OK |
Version: 1.5.0
Check: package dependencies
Result: ERROR
Package required but not available: ‘qpgraph’
See section ‘The DESCRIPTION file’ in the ‘Writing R Extensions’
manual.
Flavor: r-devel-linux-x86_64-debian-clang
Version: 1.5.0
Check: whether package can be installed
Result: ERROR
Installation failed.
Flavor: r-devel-windows-x86_64