Last updated on 2023-11-29 12:57:05 CET.
Flavor | Version | Tinstall | Tcheck | Ttotal | Status | Flags |
---|---|---|---|---|---|---|
r-devel-linux-x86_64-debian-clang | 0.3-2 | 12.53 | 108.94 | 121.47 | NOTE | |
r-devel-linux-x86_64-debian-gcc | 0.3-2 | 9.04 | 80.80 | 89.84 | NOTE | |
r-devel-linux-x86_64-fedora-clang | 0.3-2 | 148.86 | NOTE | |||
r-devel-linux-x86_64-fedora-gcc | 0.3-2 | 154.02 | NOTE | |||
r-devel-windows-x86_64 | 0.3-2 | 12.00 | 135.00 | 147.00 | NOTE | |
r-patched-linux-x86_64 | 0.3-2 | 17.11 | 102.24 | 119.35 | NOTE | |
r-release-linux-x86_64 | 0.3-2 | 10.32 | 103.48 | 113.80 | NOTE | |
r-release-macos-arm64 | 0.3-2 | 83.00 | NOTE | |||
r-release-macos-x86_64 | 0.3-2 | 110.00 | NOTE | |||
r-release-windows-x86_64 | 0.3-2 | 14.00 | 151.00 | 165.00 | NOTE | |
r-oldrel-macos-arm64 | 0.3-2 | 77.00 | NOTE | |||
r-oldrel-macos-x86_64 | 0.3-2 | 91.00 | NOTE | |||
r-oldrel-windows-x86_64 | 0.3-2 | 16.00 | 142.00 | 158.00 | NOTE |
Version: 0.3-2
Check: package dependencies
Result: NOTE
Package suggested but not available for checking: ‘toscaData’
Flavors: r-devel-linux-x86_64-debian-clang, r-devel-linux-x86_64-debian-gcc, r-devel-linux-x86_64-fedora-clang, r-devel-linux-x86_64-fedora-gcc, r-devel-windows-x86_64, r-patched-linux-x86_64, r-release-linux-x86_64, r-release-macos-arm64, r-release-macos-x86_64, r-release-windows-x86_64, r-oldrel-macos-arm64, r-oldrel-macos-x86_64, r-oldrel-windows-x86_64