CRAN Package Check Results for Package tramvs

Last updated on 2024-03-03 13:54:30 CET.

Flavor Version Tinstall Tcheck Ttotal Status Flags
r-devel-linux-x86_64-debian-clang 0.0-4 8.34 413.29 421.63 OK
r-devel-linux-x86_64-debian-gcc 0.0-4 7.04 318.55 325.59 OK
r-devel-linux-x86_64-fedora-clang 0.0-4 507.56 OK
r-devel-linux-x86_64-fedora-gcc 0.0-4 523.44 OK
r-devel-windows-x86_64 0.0-4 9.00 332.00 341.00 OK
r-patched-linux-x86_64 0.0-4 9.51 416.08 425.59 OK
r-release-linux-x86_64 0.0-4 6.17 408.24 414.41 OK
r-release-macos-arm64 0.0-4 140.00 OK
r-release-macos-x86_64 0.0-4 178.00 NOTE
r-release-windows-x86_64 0.0-4 11.00 421.00 432.00 OK
r-oldrel-macos-arm64 0.0-4 196.00 OK
r-oldrel-windows-x86_64 0.0-4 12.00 431.00 443.00 OK

Additional issues

noSuggests

Check Details

Version: 0.0-4
Check: package dependencies
Result: NOTE Package suggested but not available for checking: ‘tramnet’ Flavor: r-release-macos-x86_64

Version: 0.0-4
Check: re-building of vignette outputs
Result: NOTE Note: skipping ‘tramvs.Rnw’ due to unavailable dependencies: 'tramnet' Flavor: r-release-macos-x86_64