Last updated on 2024-08-16 00:48:35 CEST.
Flavor | Version | Tinstall | Tcheck | Ttotal | Status | Flags |
---|---|---|---|---|---|---|
r-devel-linux-x86_64-debian-clang | 0.1.1 | 23.86 | 45.44 | 69.30 | NOTE | |
r-devel-linux-x86_64-debian-gcc | 0.1.1 | 19.33 | 33.45 | 52.78 | NOTE | |
r-devel-linux-x86_64-fedora-clang | 0.1.1 | 132.68 | NOTE | |||
r-devel-linux-x86_64-fedora-gcc | 0.1.1 | 149.96 | NOTE | |||
r-devel-windows-x86_64 | 0.1.1 | 29.00 | 86.00 | 115.00 | NOTE | |
r-patched-linux-x86_64 | 0.1.1 | 25.91 | 43.19 | 69.10 | NOTE | |
r-release-linux-x86_64 | 0.1.1 | 26.33 | 43.21 | 69.54 | NOTE | |
r-release-macos-arm64 | 0.1.1 | 40.00 | NOTE | |||
r-release-macos-x86_64 | 0.1.1 | 56.00 | NOTE | |||
r-release-windows-x86_64 | 0.1.1 | 30.00 | 82.00 | 112.00 | NOTE | |
r-oldrel-macos-arm64 | 0.1.1 | 48.00 | NOTE | |||
r-oldrel-macos-x86_64 | 0.1.1 | 77.00 | NOTE | |||
r-oldrel-windows-x86_64 | 0.1.1 | 35.00 | 93.00 | 128.00 | NOTE |
Version: 0.1.1
Check: C++ specification
Result: NOTE
Specified C++11: please drop specification unless essential
Flavors: r-devel-linux-x86_64-debian-clang, r-devel-linux-x86_64-debian-gcc, r-devel-linux-x86_64-fedora-clang, r-devel-linux-x86_64-fedora-gcc, r-devel-windows-x86_64, r-patched-linux-x86_64, r-release-linux-x86_64, r-release-macos-arm64, r-release-macos-x86_64, r-release-windows-x86_64, r-oldrel-macos-arm64, r-oldrel-macos-x86_64, r-oldrel-windows-x86_64