CRAN Package Check Results for Package tsBSS

Last updated on 2024-02-29 01:55:39 CET.

Flavor Version Tinstall Tcheck Ttotal Status Flags
r-devel-linux-x86_64-debian-clang 1.0.0 44.36 163.74 208.10 NOTE
r-devel-linux-x86_64-debian-gcc 1.0.0 36.22 120.10 156.32 NOTE
r-devel-linux-x86_64-fedora-clang 1.0.0 264.99 NOTE
r-devel-linux-x86_64-fedora-gcc 1.0.0 256.31 NOTE
r-devel-windows-x86_64 1.0.0 39.00 157.00 196.00 OK
r-patched-linux-x86_64 1.0.0 41.93 156.54 198.47 OK
r-release-linux-x86_64 1.0.0 47.94 153.08 201.02 OK
r-release-macos-arm64 1.0.0 79.00 OK
r-release-macos-x86_64 1.0.0 127.00 OK
r-release-windows-x86_64 1.0.0 51.00 188.00 239.00 OK
r-oldrel-macos-arm64 1.0.0 70.00 OK
r-oldrel-windows-x86_64 1.0.0 49.00 185.00 234.00 OK

Check Details

Version: 1.0.0
Check: Rd files
Result: NOTE checkRd: (-1) tsBSS-package.Rd:23: Lost braces in \itemize; meant \describe ? checkRd: (-1) tsBSS-package.Rd:24: Lost braces in \itemize; meant \describe ? checkRd: (-1) tsBSS-package.Rd:25: Lost braces in \itemize; meant \describe ? checkRd: (-1) tsBSS-package.Rd:26: Lost braces in \itemize; meant \describe ? checkRd: (-1) tsBSS-package.Rd:27: Lost braces in \itemize; meant \describe ? checkRd: (-1) tsBSS-package.Rd:28: Lost braces in \itemize; meant \describe ? checkRd: (-1) tsBSS-package.Rd:34: Lost braces in \itemize; meant \describe ? Flavors: r-devel-linux-x86_64-debian-clang, r-devel-linux-x86_64-debian-gcc, r-devel-linux-x86_64-fedora-clang, r-devel-linux-x86_64-fedora-gcc