Last updated on 2023-12-09 00:52:56 CET.
Flavor | Version | Tinstall | Tcheck | Ttotal | Status | Flags |
---|---|---|---|---|---|---|
r-devel-linux-x86_64-debian-clang | 4.19.0 | 43.46 | 1311.52 | 1354.98 | OK | |
r-devel-linux-x86_64-debian-gcc | 4.19.0 | 34.18 | 757.91 | 792.09 | OK | |
r-devel-linux-x86_64-fedora-clang | 4.19.0 | 727.60 | NOTE | |||
r-devel-linux-x86_64-fedora-gcc | 4.19.0 | 658.35 | NOTE | |||
r-devel-windows-x86_64 | 4.19.0 | 39.00 | 845.00 | 884.00 | NOTE | |
r-patched-linux-x86_64 | 4.19.0 | 70.34 | 1003.12 | 1073.46 | OK | |
r-release-linux-x86_64 | 4.19.0 | 34.90 | 968.16 | 1003.06 | OK | |
r-release-macos-arm64 | 4.19.0 | 292.00 | NOTE | |||
r-release-macos-x86_64 | 4.19.0 | 985.00 | NOTE | |||
r-release-windows-x86_64 | 4.19.0 | 53.00 | 1024.00 | 1077.00 | NOTE | |
r-oldrel-macos-arm64 | 4.19.0 | 303.00 | NOTE | |||
r-oldrel-macos-x86_64 | 4.16.0 | 426.00 | NOTE | |||
r-oldrel-windows-x86_64 | 4.19.0 | 51.00 | 941.00 | 992.00 | NOTE |
Version: 4.19.0
Check: package dependencies
Result: NOTE
Imports includes 25 non-default packages.
Importing from so many packages makes the package vulnerable to any of
them becoming unavailable. Move as many as possible to Suggests and
use conditionally.
Flavor: r-devel-linux-x86_64-fedora-clang
Version: 4.19.0
Check: installed package size
Result: NOTE
installed size is 6.0Mb
sub-directories of 1Mb or more:
R 1.0Mb
help 4.4Mb
Flavors: r-devel-linux-x86_64-fedora-clang, r-devel-windows-x86_64, r-release-macos-arm64, r-release-macos-x86_64, r-release-windows-x86_64, r-oldrel-macos-arm64, r-oldrel-windows-x86_64
Version: 4.19.0
Check: dependencies in R code
Result: NOTE
Namespaces in Imports field not imported from:
‘foreign’ ‘psychTools’ ‘pwr’ ‘rmarkdown’
All declared Imports should be used.
Flavors: r-devel-linux-x86_64-fedora-clang, r-devel-linux-x86_64-fedora-gcc
Version: 4.16.0
Check: installed package size
Result: NOTE
installed size is 5.9Mb
sub-directories of 1Mb or more:
R 1.0Mb
help 4.4Mb
Flavor: r-oldrel-macos-x86_64