Last updated on 2024-08-16 00:48:35 CEST.
Flavor | Version | Tinstall | Tcheck | Ttotal | Status | Flags |
---|---|---|---|---|---|---|
r-devel-linux-x86_64-debian-clang | 1.4.1 | 349.31 | 243.07 | 592.38 | NOTE | |
r-devel-linux-x86_64-debian-gcc | 1.4.1 | 254.53 | 188.38 | 442.91 | NOTE | |
r-devel-linux-x86_64-fedora-clang | 1.4.1 | 1100.10 | NOTE | |||
r-devel-linux-x86_64-fedora-gcc | 1.4.1 | 1294.75 | NOTE | |||
r-devel-windows-x86_64 | 1.4.1 | 367.00 | 314.00 | 681.00 | NOTE | |
r-patched-linux-x86_64 | 1.4.1 | 364.82 | 293.77 | 658.59 | NOTE | |
r-release-linux-x86_64 | 1.4.1 | 360.28 | 318.63 | 678.91 | NOTE | |
r-release-macos-arm64 | 1.4.1 | 243.00 | NOTE | |||
r-release-macos-x86_64 | 1.4.1 | 296.00 | NOTE | |||
r-release-windows-x86_64 | 1.4.1 | 367.00 | 323.00 | 690.00 | NOTE | |
r-oldrel-macos-arm64 | 1.4.1 | 217.00 | NOTE | |||
r-oldrel-macos-x86_64 | 1.4.1 | 387.00 | NOTE | |||
r-oldrel-windows-x86_64 | 1.4.1 | 437.00 | 397.00 | 834.00 | NOTE |
Version: 1.4.1
Check: Rd cross-references
Result: NOTE
Found the following Rd file(s) with Rd \link{} targets missing package
anchors:
unmarkedRanef-class.Rd: xyplot
Please provide package anchors for all Rd \link{} targets not in the
package itself and the base packages.
Flavors: r-devel-linux-x86_64-debian-clang, r-devel-linux-x86_64-debian-gcc, r-devel-windows-x86_64
Version: 1.4.1
Check: for GNU extensions in Makefiles
Result: NOTE
GNU make is a SystemRequirements.
Flavors: r-devel-linux-x86_64-debian-clang, r-devel-linux-x86_64-debian-gcc, r-devel-linux-x86_64-fedora-clang, r-devel-linux-x86_64-fedora-gcc, r-devel-windows-x86_64, r-patched-linux-x86_64, r-release-linux-x86_64, r-release-macos-arm64, r-release-macos-x86_64, r-release-windows-x86_64, r-oldrel-macos-arm64, r-oldrel-macos-x86_64, r-oldrel-windows-x86_64
Version: 1.4.1
Check: installed package size
Result: NOTE
installed size is 6.2Mb
sub-directories of 1Mb or more:
R 1.4Mb
doc 1.4Mb
libs 2.5Mb
Flavors: r-devel-linux-x86_64-fedora-clang, r-devel-windows-x86_64, r-release-macos-arm64, r-release-macos-x86_64, r-release-windows-x86_64, r-oldrel-macos-arm64, r-oldrel-macos-x86_64, r-oldrel-windows-x86_64