CRAN Package Check Results for Package uuid

Last updated on 2024-04-15 01:50:43 CEST.

Flavor Version Tinstall Tcheck Ttotal Status Flags
r-devel-linux-x86_64-debian-clang 1.2-0 10.47 22.74 33.21 OK
r-devel-linux-x86_64-debian-gcc 1.2-0 7.44 17.81 25.25 OK
r-devel-linux-x86_64-fedora-clang 1.2-0 42.96 OK
r-devel-linux-x86_64-fedora-gcc 1.2-0 42.50 OK
r-devel-windows-x86_64 1.2-0 14.00 36.00 50.00 WARN
r-patched-linux-x86_64 1.2-0 8.62 22.62 31.24 OK
r-release-linux-x86_64 1.2-0 8.18 22.27 30.45 OK
r-release-macos-arm64 1.2-0 35.00 OK
r-release-macos-x86_64 1.2-0 79.00 OK
r-release-windows-x86_64 1.2-0 18.00 37.00 55.00 WARN
r-oldrel-macos-arm64 1.2-0 44.00 OK
r-oldrel-windows-x86_64 1.2-0 13.00 43.00 56.00 OK

Check Details

Version: 1.2-0
Check: whether package can be installed
Result: WARN Found the following significant warnings: randutils.c:60:12: warning: function declaration isn't a prototype [-Wstrict-prototypes] See 'd:/Rcompile/CRANpkg/local/4.4/uuid.Rcheck/00install.out' for details. * used C compiler: 'gcc.exe (GCC) 13.2.0' Flavor: r-devel-windows-x86_64

Version: 1.2-0
Check: whether package can be installed
Result: WARN Found the following significant warnings: randutils.c:60:12: warning: function declaration isn't a prototype [-Wstrict-prototypes] See 'd:/Rcompile/CRANpkg/local/4.3/uuid.Rcheck/00install.out' for details. * used C compiler: 'gcc.exe (GCC) 12.3.0' Flavor: r-release-windows-x86_64