Last updated on 2024-05-04 00:54:52 CEST.
Flavor | Version | Tinstall | Tcheck | Ttotal | Status | Flags |
---|---|---|---|---|---|---|
r-devel-linux-x86_64-debian-clang | 0.8.1 | 0.83 | 2.22 | 3.05 | ERROR | |
r-devel-linux-x86_64-fedora-clang | 0.8.1 | 1044.78 | OK | |||
r-devel-linux-x86_64-fedora-gcc | 0.8.1 | 746.05 | OK | |||
r-devel-windows-x86_64 | 0.8.1 | 183.00 | 402.00 | 585.00 | OK | |
r-patched-linux-x86_64 | 0.8.1 | 178.23 | 497.77 | 676.00 | OK | |
r-release-linux-x86_64 | 0.8.1 | 172.89 | 494.95 | 667.84 | OK | |
r-release-macos-arm64 | 0.8.1 | 237.00 | NOTE | |||
r-release-macos-x86_64 | 0.8.1 | 450.00 | NOTE | |||
r-release-windows-x86_64 | 0.8.1 | 173.00 | 406.00 | 579.00 | OK | |
r-oldrel-macos-arm64 | 0.8.1 | 250.00 | NOTE | |||
r-oldrel-macos-x86_64 | 0.8.1 | 439.00 | NOTE | |||
r-oldrel-windows-x86_64 | 0.8.1 | 224.00 | 553.00 | 777.00 | OK |
Version: 0.8.1
Check: package dependencies
Result: ERROR
Package required but not available: ‘rtracklayer’
Package suggested but not available for checking: ‘GenomicRanges’
See section ‘The DESCRIPTION file’ in the ‘Writing R Extensions’
manual.
Flavor: r-devel-linux-x86_64-debian-clang
Version: 0.8.1
Check: installed package size
Result: NOTE
installed size is 7.3Mb
sub-directories of 1Mb or more:
libs 6.2Mb
Flavors: r-release-macos-arm64, r-release-macos-x86_64, r-oldrel-macos-arm64, r-oldrel-macos-x86_64