Last updated on 2024-05-02 01:57:19 CEST.
Flavor | Version | Tinstall | Tcheck | Ttotal | Status | Flags |
---|---|---|---|---|---|---|
r-devel-linux-x86_64-debian-clang | 0.9.5 | 139.38 | 70.42 | 209.80 | OK | |
r-devel-linux-x86_64-debian-gcc | 0.9.5 | 108.13 | 52.87 | 161.00 | OK | |
r-devel-linux-x86_64-fedora-clang | 0.9.5 | 298.55 | OK | |||
r-devel-linux-x86_64-fedora-gcc | 0.9.5 | 298.78 | OK | |||
r-devel-windows-x86_64 | 0.9.5 | 97.00 | 5.00 | 102.00 | ERROR | |
r-patched-linux-x86_64 | 0.9.5 | 130.70 | 67.68 | 198.38 | OK | |
r-release-linux-x86_64 | 0.9.5 | 137.38 | 66.62 | 204.00 | OK | |
r-release-macos-arm64 | 0.9.5 | 94.00 | NOTE | |||
r-release-windows-x86_64 | 0.9.5 | 101.00 | 5.00 | 106.00 | ERROR | |
r-oldrel-macos-arm64 | 0.9.5 | 123.00 | NOTE | |||
r-oldrel-macos-x86_64 | 0.9.5 | 158.00 | NOTE | |||
r-oldrel-windows-x86_64 | 0.9.5 | 151.00 | 726.00 | 877.00 | NOTE |
Version: 0.9.5
Check: whether package can be installed
Result: ERROR
Installation failed.
Flavors: r-devel-windows-x86_64, r-release-windows-x86_64
Version: 0.9.5
Check: installed package size
Result: NOTE
installed size is 250.7Mb
sub-directories of 1Mb or more:
extdata 2.8Mb
libs 246.5Mb
Flavors: r-release-macos-arm64, r-oldrel-macos-arm64, r-oldrel-macos-x86_64, r-oldrel-windows-x86_64