Last updated on 2023-11-30 01:53:49 CET.
Flavor | Version | Tinstall | Tcheck | Ttotal | Status | Flags |
---|---|---|---|---|---|---|
r-devel-linux-x86_64-debian-clang | 1.0.0 | 20.24 | 211.60 | 231.84 | NOTE | |
r-devel-linux-x86_64-debian-gcc | 1.0.0 | 16.73 | 156.60 | 173.33 | NOTE | |
r-devel-linux-x86_64-fedora-clang | 1.0.0 | 278.42 | NOTE | |||
r-devel-linux-x86_64-fedora-gcc | 1.0.0 | 270.53 | NOTE | |||
r-devel-windows-x86_64 | 1.0.0 | 19.00 | 153.00 | 172.00 | NOTE | |
r-patched-linux-x86_64 | 1.0.0 | 16.39 | 200.94 | 217.33 | NOTE | |
r-release-linux-x86_64 | 1.0.0 | 13.75 | 199.49 | 213.24 | NOTE | |
r-release-macos-arm64 | 1.0.0 | 82.00 | NOTE | |||
r-release-macos-x86_64 | 1.0.0 | 165.00 | NOTE | |||
r-release-windows-x86_64 | 1.0.0 | 24.00 | 208.00 | 232.00 | NOTE | |
r-oldrel-macos-arm64 | 1.0.0 | 54.00 | NOTE | |||
r-oldrel-macos-x86_64 | 1.0.0 | 11.00 | ERROR | |||
r-oldrel-windows-x86_64 | 1.0.0 | 25.00 | 197.00 | 222.00 | NOTE |
Version: 1.0.0
Check: LazyData
Result: NOTE
'LazyData' is specified without a 'data' directory
Flavors: r-devel-linux-x86_64-debian-clang, r-devel-linux-x86_64-debian-gcc, r-devel-linux-x86_64-fedora-clang, r-devel-linux-x86_64-fedora-gcc, r-devel-windows-x86_64, r-patched-linux-x86_64, r-release-linux-x86_64, r-release-macos-arm64, r-release-macos-x86_64, r-release-windows-x86_64, r-oldrel-macos-arm64, r-oldrel-windows-x86_64
Version: 1.0.0
Check: package dependencies
Result: ERROR
Package required but not available: ‘coRdon’
See section ‘The DESCRIPTION file’ in the ‘Writing R Extensions’
manual.
Flavor: r-oldrel-macos-x86_64