CRAN Package Check Results for Package viewpoly

Last updated on 2024-02-25 01:49:15 CET.

Flavor Version Tinstall Tcheck Ttotal Status Flags
r-devel-linux-x86_64-debian-clang 0.3.2 17.81 108.83 126.64 NOTE
r-devel-linux-x86_64-debian-gcc 0.3.2 11.80 80.80 92.60 NOTE
r-devel-linux-x86_64-fedora-clang 0.3.2 150.74 NOTE
r-devel-linux-x86_64-fedora-gcc 0.3.2 144.43 NOTE
r-devel-windows-x86_64 0.3.2 17.00 95.00 112.00 NOTE
r-patched-linux-x86_64 0.3.2 16.44 104.42 120.86 OK
r-release-linux-x86_64 0.3.2 13.61 102.98 116.59 OK
r-release-macos-arm64 0.3.2 48.00 OK
r-release-macos-x86_64 0.3.2 72.00 OK
r-release-windows-x86_64 0.3.2 22.00 109.00 131.00 OK
r-oldrel-macos-arm64 0.3.2 44.00 OK
r-oldrel-windows-x86_64 0.3.2 21.00 114.00 135.00 OK

Check Details

Version: 0.3.2
Check: Rd \usage sections
Result: NOTE Documented arguments not in \usage in Rd file 'draw_map_shiny.Rd': ‘rigth.lim’ Documented arguments not in \usage in Rd file 'map_summary.Rd': ‘rigth.lim’ Functions with \usage entries need to have the appropriate \alias entries, and all their arguments documented. The \usage entries must correspond to syntactically valid R code. See chapter ‘Writing R documentation files’ in the ‘Writing R Extensions’ manual. Flavors: r-devel-linux-x86_64-debian-clang, r-devel-linux-x86_64-debian-gcc, r-devel-linux-x86_64-fedora-clang, r-devel-linux-x86_64-fedora-gcc, r-devel-windows-x86_64