CRAN Package Check Results for Package vimpclust

Last updated on 2023-12-01 00:52:15 CET.

Flavor Version Tinstall Tcheck Ttotal Status Flags
r-devel-linux-x86_64-debian-clang 0.1.0 6.71 301.00 307.71 OK
r-devel-linux-x86_64-debian-gcc 0.1.0 5.31 212.19 217.50 OK
r-devel-linux-x86_64-fedora-clang 0.1.0 361.41 NOTE
r-devel-linux-x86_64-fedora-gcc 0.1.0 366.26 NOTE
r-devel-windows-x86_64 0.1.0 8.00 208.00 216.00 OK
r-patched-linux-x86_64 0.1.0 6.11 275.84 281.95 OK
r-release-linux-x86_64 0.1.0 6.35 274.20 280.55 OK
r-release-macos-arm64 0.1.0 105.00 OK
r-release-macos-x86_64 0.1.0 166.00 OK
r-release-windows-x86_64 0.1.0 9.00 286.00 295.00 OK
r-oldrel-macos-arm64 0.1.0 91.00 NOTE
r-oldrel-macos-x86_64 0.1.0 156.00 NOTE
r-oldrel-windows-x86_64 0.1.0 9.00 265.00 274.00 OK

Check Details

Version: 0.1.0
Check: dependencies in R code
Result: NOTE Namespaces in Imports field not imported from: ‘mclust’ ‘rlang’ All declared Imports should be used. Flavors: r-devel-linux-x86_64-fedora-clang, r-devel-linux-x86_64-fedora-gcc, r-oldrel-macos-arm64, r-oldrel-macos-x86_64