CRAN Package Check Results for Package viridisLite

Last updated on 2024-02-29 01:55:40 CET.

Flavor Version Tinstall Tcheck Ttotal Status Flags
r-devel-linux-x86_64-debian-clang 0.4.2 1.80 26.23 28.03 NOTE
r-devel-linux-x86_64-debian-gcc 0.4.2 1.21 20.48 21.69 NOTE
r-devel-linux-x86_64-fedora-clang 0.4.2 34.78 NOTE
r-devel-linux-x86_64-fedora-gcc 0.4.2 34.30 NOTE
r-devel-windows-x86_64 0.4.2 3.00 42.00 45.00 OK
r-patched-linux-x86_64 0.4.2 1.86 25.58 27.44 OK
r-release-linux-x86_64 0.4.2 1.44 25.57 27.01 OK
r-release-macos-arm64 0.4.2 26.00 OK
r-release-macos-x86_64 0.4.2 45.00 OK
r-release-windows-x86_64 0.4.2 5.00 43.00 48.00 OK
r-oldrel-macos-arm64 0.4.2 27.00 OK
r-oldrel-windows-x86_64 0.4.2 5.00 47.00 52.00 OK

Check Details

Version: 0.4.2
Check: Rd files
Result: NOTE checkRd: (-1) viridis.Rd:50: Lost braces in \itemize; meant \describe ? checkRd: (-1) viridis.Rd:51: Lost braces in \itemize; meant \describe ? checkRd: (-1) viridis.Rd:52: Lost braces in \itemize; meant \describe ? checkRd: (-1) viridis.Rd:53: Lost braces in \itemize; meant \describe ? checkRd: (-1) viridis.Rd:54: Lost braces in \itemize; meant \describe ? checkRd: (-1) viridis.Rd:55: Lost braces in \itemize; meant \describe ? checkRd: (-1) viridis.Rd:56: Lost braces in \itemize; meant \describe ? checkRd: (-1) viridis.Rd:57: Lost braces in \itemize; meant \describe ? checkRd: (-1) viridis.map.Rd:24-30: Lost braces in \itemize; meant \describe ? checkRd: (-1) viridis.map.Rd:31-34: Lost braces in \itemize; meant \describe ? checkRd: (-1) viridis.map.Rd:35: Lost braces in \itemize; meant \describe ? checkRd: (-1) viridis.map.Rd:36-37: Lost braces in \itemize; meant \describe ? checkRd: (-1) viridis.map.Rd:10: Lost braces in \itemize; meant \describe ? checkRd: (-1) viridis.map.Rd:11: Lost braces in \itemize; meant \describe ? checkRd: (-1) viridis.map.Rd:12: Lost braces in \itemize; meant \describe ? checkRd: (-1) viridis.map.Rd:13-14: Lost braces in \itemize; meant \describe ? checkRd: (-1) viridis.map.Rd:42: Lost braces in \itemize; meant \describe ? checkRd: (-1) viridis.map.Rd:43: Lost braces in \itemize; meant \describe ? checkRd: (-1) viridis.map.Rd:44: Lost braces in \itemize; meant \describe ? checkRd: (-1) viridis.map.Rd:45: Lost braces in \itemize; meant \describe ? Flavors: r-devel-linux-x86_64-debian-clang, r-devel-linux-x86_64-debian-gcc, r-devel-linux-x86_64-fedora-clang, r-devel-linux-x86_64-fedora-gcc