Last updated on 2023-12-10 12:51:12 CET.
Flavor | Version | Tinstall | Tcheck | Ttotal | Status | Flags |
---|---|---|---|---|---|---|
r-devel-linux-x86_64-debian-clang | 1.0.1 | 23.55 | 123.88 | 147.43 | OK | |
r-devel-linux-x86_64-debian-gcc | 1.0.1 | 17.54 | 90.62 | 108.16 | OK | |
r-devel-linux-x86_64-fedora-clang | 1.0.1 | 186.81 | NOTE | |||
r-devel-linux-x86_64-fedora-gcc | 1.0.1 | 161.94 | OK | |||
r-devel-windows-x86_64 | 1.0.1 | 23.00 | 105.00 | 128.00 | NOTE | |
r-patched-linux-x86_64 | 1.0.1 | 26.90 | 117.74 | 144.64 | OK | |
r-release-linux-x86_64 | 1.0.1 | 18.77 | 114.92 | 133.69 | OK | |
r-release-macos-arm64 | 1.0.1 | 59.00 | NOTE | |||
r-release-macos-x86_64 | 1.0.1 | 86.00 | NOTE | |||
r-release-windows-x86_64 | 1.0.1 | 28.00 | 125.00 | 153.00 | NOTE | |
r-oldrel-macos-arm64 | 1.0.1 | 68.00 | NOTE | |||
r-oldrel-macos-x86_64 | 1.0.1 | 122.00 | NOTE | |||
r-oldrel-windows-x86_64 | 1.0.1 | 30.00 | 128.00 | 158.00 | NOTE |
Version: 1.0.1
Check: installed package size
Result: NOTE
installed size is 6.0Mb
sub-directories of 1Mb or more:
data 5.7Mb
Flavors: r-devel-linux-x86_64-fedora-clang, r-devel-windows-x86_64, r-release-macos-arm64, r-release-macos-x86_64, r-release-windows-x86_64, r-oldrel-macos-arm64, r-oldrel-macos-x86_64, r-oldrel-windows-x86_64