CRAN Package Check Results for Package wINEQ

Last updated on 2024-03-02 12:48:34 CET.

Flavor Version Tinstall Tcheck Ttotal Status Flags
r-devel-linux-x86_64-debian-clang 1.2.0 6.45 48.39 54.84 NOTE
r-devel-linux-x86_64-debian-gcc 1.2.0 4.92 36.59 41.51 NOTE
r-devel-linux-x86_64-fedora-clang 1.2.0 65.75 NOTE
r-devel-linux-x86_64-fedora-gcc 1.2.0 65.76 NOTE
r-devel-windows-x86_64 1.2.0 6.00 59.00 65.00 OK
r-patched-linux-x86_64 1.2.0 5.70 46.98 52.68 OK
r-release-linux-x86_64 1.2.0 6.25 46.90 53.15 OK
r-release-macos-arm64 1.2.0 23.00 OK
r-release-macos-x86_64 1.2.0 43.00 OK
r-release-windows-x86_64 1.2.0 7.00 66.00 73.00 OK
r-oldrel-macos-arm64 1.2.0 26.00 OK
r-oldrel-windows-x86_64 1.2.0 8.00 67.00 75.00 OK

Check Details

Version: 1.2.0
Check: Rd files
Result: NOTE checkRd: (-1) Hoover.Rd:21: Lost braces; missing escapes or markup? 21 | Let x_{i} be the income of the i-th person and \eqn{\overline{x}} be the mean income. Then the Hoover index H is: | ^ checkRd: (-1) RicciSchutz.Rd:21: Lost braces; missing escapes or markup? 21 | In the case of an empirical distribution with n elements where y_{i} denotes the wealth of household i and \eqn{\overline{y}} the sample average, the Ricci and Schutz coefficient can be expressed as: | ^ Flavors: r-devel-linux-x86_64-debian-clang, r-devel-linux-x86_64-debian-gcc, r-devel-linux-x86_64-fedora-clang, r-devel-linux-x86_64-fedora-gcc

Version: 1.2.0
Check: data for non-ASCII characters
Result: NOTE Note: found 1 marked UTF-8 string Flavors: r-devel-linux-x86_64-fedora-clang, r-devel-linux-x86_64-fedora-gcc