CRAN Package Check Results for Package walkboutr

Last updated on 2024-02-29 01:55:40 CET.

Flavor Version Tinstall Tcheck Ttotal Status Flags
r-devel-linux-x86_64-debian-clang 0.6.0 3.00 95.80 98.80 OK
r-devel-linux-x86_64-debian-gcc 0.6.0 2.93 71.52 74.45 OK
r-devel-linux-x86_64-fedora-clang 0.6.0 127.28 OK
r-devel-linux-x86_64-fedora-gcc 0.6.0 133.24 OK
r-devel-windows-x86_64 0.6.0 5.00 111.00 116.00 OK
r-patched-linux-x86_64 0.6.0 4.56 92.33 96.89 OK
r-release-linux-x86_64 0.6.0 2.26 93.03 95.29 OK
r-release-macos-arm64 0.6.0 61.00 OK
r-release-macos-x86_64 0.6.0 95.00 OK
r-release-windows-x86_64 0.6.0 6.00 129.00 135.00 OK
r-oldrel-macos-arm64 0.5.0 35.00 ERROR
r-oldrel-windows-x86_64 0.5.0 8.00 80.00 88.00 ERROR

Check Details

Version: 0.5.0
Check: re-building of vignette outputs
Result: ERROR Error(s) in re-building vignettes: ... --- re-building ‘changing_default_parameters.Rmd’ using rmarkdown --- finished re-building ‘changing_default_parameters.Rmd’ --- re-building ‘generate_data.Rmd’ using rmarkdown --- finished re-building ‘generate_data.Rmd’ --- re-building ‘process_bouts.Rmd’ using rmarkdown Quitting from lines 68-71 [unnamed-chunk-2] (process_bouts.Rmd) Error: processing vignette 'process_bouts.Rmd' failed with diagnostics: 'origin' must be supplied --- failed re-building ‘process_bouts.Rmd’ SUMMARY: processing the following file failed: ‘process_bouts.Rmd’ Error: Vignette re-building failed. Execution halted Flavor: r-oldrel-macos-arm64

Version: 0.5.0
Check: re-building of vignette outputs
Result: ERROR Error(s) in re-building vignettes: --- re-building 'changing_default_parameters.Rmd' using rmarkdown --- finished re-building 'changing_default_parameters.Rmd' --- re-building 'generate_data.Rmd' using rmarkdown --- finished re-building 'generate_data.Rmd' --- re-building 'process_bouts.Rmd' using rmarkdown Quitting from lines 68-71 [unnamed-chunk-2] (process_bouts.Rmd) Error: processing vignette 'process_bouts.Rmd' failed with diagnostics: 'origin' must be supplied --- failed re-building 'process_bouts.Rmd' SUMMARY: processing the following file failed: 'process_bouts.Rmd' Error: Vignette re-building failed. Execution halted Flavor: r-oldrel-windows-x86_64