CRAN Package Check Results for Package waydown

Last updated on 2023-12-08 13:50:17 CET.

Flavor Version Tinstall Tcheck Ttotal Status Flags
r-devel-linux-x86_64-debian-clang 1.1.0 2.56 222.07 224.63 NOTE
r-devel-linux-x86_64-debian-gcc 1.1.0 1.61 155.02 156.63 NOTE
r-devel-linux-x86_64-fedora-clang 1.1.0 288.45 NOTE
r-devel-linux-x86_64-fedora-gcc 1.1.0 292.62 NOTE
r-devel-windows-x86_64 1.1.0 3.00 196.00 199.00 NOTE
r-patched-linux-x86_64 1.1.0 2.23 214.04 216.27 NOTE
r-release-linux-x86_64 1.1.0 2.47 206.97 209.44 NOTE
r-release-macos-arm64 1.1.0 79.00 NOTE
r-release-macos-x86_64 1.1.0 128.00 NOTE
r-release-windows-x86_64 1.1.0 3.00 208.00 211.00 NOTE
r-oldrel-macos-arm64 1.1.0 62.00 NOTE
r-oldrel-macos-x86_64 1.1.0 86.00 NOTE
r-oldrel-windows-x86_64 1.1.0 4.00 209.00 213.00 NOTE

Check Details

Version: 1.1.0
Check: LazyData
Result: NOTE 'LazyData' is specified without a 'data' directory Flavors: r-devel-linux-x86_64-debian-clang, r-devel-linux-x86_64-debian-gcc, r-devel-linux-x86_64-fedora-clang, r-devel-linux-x86_64-fedora-gcc, r-devel-windows-x86_64, r-patched-linux-x86_64, r-release-linux-x86_64, r-release-macos-arm64, r-release-macos-x86_64, r-release-windows-x86_64, r-oldrel-macos-arm64, r-oldrel-macos-x86_64, r-oldrel-windows-x86_64