CRAN Package Check Results for Package websocket

Last updated on 2023-12-11 01:52:55 CET.

Flavor Version Tinstall Tcheck Ttotal Status Flags
r-devel-linux-x86_64-debian-clang 1.4.1 84.91 39.31 124.22 NOTE
r-devel-linux-x86_64-debian-gcc 1.4.1 64.93 29.40 94.33 NOTE
r-devel-linux-x86_64-fedora-clang 1.4.1 169.96 NOTE
r-devel-linux-x86_64-fedora-gcc 1.4.1 205.80 NOTE
r-devel-windows-x86_64 1.4.1 138.00 127.00 265.00 NOTE
r-patched-linux-x86_64 1.4.1 75.27 36.81 112.08 NOTE
r-release-linux-x86_64 1.4.1 80.89 37.92 118.81 NOTE
r-release-macos-arm64 1.4.1 72.00 NOTE
r-release-macos-x86_64 1.4.1 108.00 NOTE
r-release-windows-x86_64 1.4.1 156.00 157.00 313.00 NOTE
r-oldrel-macos-arm64 1.4.1 67.00 NOTE
r-oldrel-macos-x86_64 1.4.1 80.00 NOTE
r-oldrel-windows-x86_64 1.4.1 165.00 114.00 279.00 NOTE

Check Details

Version: 1.4.1
Check: C++ specification
Result: NOTE Specified C++11: please drop specification unless essential Flavors: r-devel-linux-x86_64-debian-clang, r-devel-linux-x86_64-debian-gcc, r-devel-linux-x86_64-fedora-clang, r-devel-linux-x86_64-fedora-gcc, r-devel-windows-x86_64, r-patched-linux-x86_64, r-release-linux-x86_64, r-release-macos-arm64, r-release-macos-x86_64, r-release-windows-x86_64

Version: 1.4.1
Check: for GNU extensions in Makefiles
Result: NOTE GNU make is a SystemRequirements. Flavors: r-devel-linux-x86_64-debian-clang, r-devel-linux-x86_64-debian-gcc, r-devel-linux-x86_64-fedora-clang, r-devel-linux-x86_64-fedora-gcc, r-devel-windows-x86_64, r-patched-linux-x86_64, r-release-linux-x86_64, r-release-macos-arm64, r-release-macos-x86_64, r-release-windows-x86_64, r-oldrel-macos-arm64, r-oldrel-macos-x86_64, r-oldrel-windows-x86_64

Version: 1.4.1
Check: installed package size
Result: NOTE installed size is 6.8Mb sub-directories of 1Mb or more: libs 6.6Mb Flavors: r-devel-windows-x86_64, r-release-macos-arm64, r-release-macos-x86_64, r-release-windows-x86_64, r-oldrel-macos-arm64, r-oldrel-macos-x86_64, r-oldrel-windows-x86_64