Last updated on 2024-08-31 12:49:27 CEST.
Flavor | Version | Tinstall | Tcheck | Ttotal | Status | Flags |
---|---|---|---|---|---|---|
r-devel-linux-x86_64-debian-clang | 0.2.1 | 3.01 | 28.87 | 31.88 | OK | |
r-devel-linux-x86_64-debian-gcc | 0.2.1 | 2.18 | 23.03 | 25.21 | OK | |
r-devel-linux-x86_64-fedora-clang | 0.2.1 | 51.53 | NOTE | |||
r-devel-linux-x86_64-fedora-gcc | 0.2.1 | 61.43 | NOTE | |||
r-devel-windows-x86_64 | 0.2.1 | 4.00 | 52.00 | 56.00 | OK | |
r-patched-linux-x86_64 | 0.2.1 | 2.37 | 27.60 | 29.97 | OK | |
r-release-linux-x86_64 | 0.2.1 | 2.78 | 27.92 | 30.70 | OK | |
r-release-macos-arm64 | 0.2.1 | 27.00 | OK | |||
r-release-macos-x86_64 | 0.2.1 | 41.00 | OK | |||
r-release-windows-x86_64 | 0.2.1 | 5.00 | 62.00 | 67.00 | OK | |
r-oldrel-macos-arm64 | 0.2.1 | 31.00 | OK | |||
r-oldrel-macos-x86_64 | 0.2.1 | 39.00 | OK | |||
r-oldrel-windows-x86_64 | 0.2.1 | 5.00 | 54.00 | 59.00 | OK |
Version: 0.2.1
Check: data for non-ASCII characters
Result: NOTE
Note: found 933 marked UTF-8 strings
Flavors: r-devel-linux-x86_64-fedora-clang, r-devel-linux-x86_64-fedora-gcc