Last updated on 2023-12-05 13:49:53 CET.
Flavor | Version | Tinstall | Tcheck | Ttotal | Status | Flags |
---|---|---|---|---|---|---|
r-devel-linux-x86_64-debian-clang | 1.6.2 | 62.45 | 477.17 | 539.62 | OK | |
r-devel-linux-x86_64-debian-gcc | 1.6.2 | 53.85 | 344.42 | 398.27 | OK | |
r-devel-linux-x86_64-fedora-clang | 1.6.2 | 488.29 | NOTE | |||
r-devel-linux-x86_64-fedora-gcc | 1.6.2 | 476.16 | NOTE | |||
r-devel-windows-x86_64 | 1.6.2 | 33.00 | 5.00 | 38.00 | ERROR | |
r-patched-linux-x86_64 | 1.6.2 | 45.60 | 440.87 | 486.47 | OK | |
r-release-linux-x86_64 | 1.6.2 | 44.61 | 455.89 | 500.50 | OK | |
r-release-macos-arm64 | 1.6.2 | 249.00 | OK | |||
r-release-macos-x86_64 | 1.6.2 | 548.00 | OK | |||
r-release-windows-x86_64 | 1.6.2 | 73.00 | 525.00 | 598.00 | OK | |
r-oldrel-macos-arm64 | 1.6.2 | 217.00 | OK | |||
r-oldrel-macos-x86_64 | 1.6.2 | 288.00 | OK | |||
r-oldrel-windows-x86_64 | 1.6.2 | 68.00 | 450.00 | 518.00 | OK |
Version: 1.6.2
Check: dependencies in R code
Result: NOTE
Namespace in Imports field not imported from: ‘viridis’
All declared Imports should be used.
Flavors: r-devel-linux-x86_64-fedora-clang, r-devel-linux-x86_64-fedora-gcc
Version: 1.6.2
Check: whether package can be installed
Result: ERROR
Installation failed.
Flavor: r-devel-windows-x86_64