Last updated on 2024-08-16 00:48:36 CEST.
Flavor | Version | Tinstall | Tcheck | Ttotal | Status | Flags |
---|---|---|---|---|---|---|
r-devel-linux-x86_64-debian-clang | 0.2.1 | 6.51 | 85.31 | 91.82 | OK | |
r-devel-linux-x86_64-debian-gcc | 0.2.1 | 4.37 | 63.93 | 68.30 | OK | |
r-devel-linux-x86_64-fedora-clang | 0.2.1 | 160.66 | NOTE | |||
r-devel-linux-x86_64-fedora-gcc | 0.2.1 | 178.74 | NOTE | |||
r-devel-windows-x86_64 | 0.2.1 | 7.00 | 80.00 | 87.00 | OK | |
r-patched-linux-x86_64 | 0.2.1 | 5.55 | 82.30 | 87.85 | OK | |
r-release-linux-x86_64 | 0.2.1 | 6.16 | 83.10 | 89.26 | OK | |
r-release-macos-arm64 | 0.2.1 | 39.00 | OK | |||
r-release-macos-x86_64 | 0.2.1 | 59.00 | OK | |||
r-release-windows-x86_64 | 0.2.1 | 8.00 | 81.00 | 89.00 | OK | |
r-oldrel-macos-arm64 | 0.2.1 | 46.00 | OK | |||
r-oldrel-macos-x86_64 | 0.2.1 | 93.00 | OK | |||
r-oldrel-windows-x86_64 | 0.2.1 | 10.00 | 86.00 | 96.00 | OK |
Version: 0.2.1
Check: data for non-ASCII characters
Result: NOTE
Note: found 3 marked UTF-8 strings
Flavors: r-devel-linux-x86_64-fedora-clang, r-devel-linux-x86_64-fedora-gcc