CRAN Package Check Results for Package yesno

Last updated on 2024-04-22 01:50:04 CEST.

Flavor Version Tinstall Tcheck Ttotal Status Flags
r-devel-linux-x86_64-debian-clang 0.1.2 1.97 23.53 25.50 NOTE
r-devel-linux-x86_64-debian-gcc 0.1.2 1.45 18.28 19.73 NOTE
r-devel-linux-x86_64-fedora-clang 0.1.2 32.36 NOTE
r-devel-linux-x86_64-fedora-gcc 0.1.2 31.09 NOTE
r-prerel-macos-arm64 0.1.2 14.00 NOTE
r-prerel-windows-x86_64 0.1.2 2.00 45.00 47.00 NOTE
r-patched-linux-x86_64 0.1.2 1.59 22.84 24.43 NOTE
r-release-linux-x86_64 0.1.2 1.62 23.14 24.76 NOTE
r-release-macos-arm64 0.1.2 17.00 NOTE
r-release-macos-x86_64 0.1.2 21.00 NOTE
r-release-windows-x86_64 0.1.2 4.00 43.00 47.00 NOTE
r-oldrel-macos-arm64 0.1.2 18.00 NOTE
r-oldrel-windows-x86_64 0.1.2 3.00 47.00 50.00 NOTE

Check Details

Version: 0.1.2
Check: LazyData
Result: NOTE 'LazyData' is specified without a 'data' directory Flavors: r-devel-linux-x86_64-debian-clang, r-devel-linux-x86_64-debian-gcc, r-devel-linux-x86_64-fedora-clang, r-devel-linux-x86_64-fedora-gcc, r-prerel-macos-arm64, r-prerel-windows-x86_64, r-patched-linux-x86_64, r-release-linux-x86_64, r-release-macos-arm64, r-release-macos-x86_64, r-release-windows-x86_64, r-oldrel-macos-arm64, r-oldrel-windows-x86_64